{"id":6932,"date":"2022-04-15T12:31:15","date_gmt":"2022-04-15T10:31:15","guid":{"rendered":"https:\/\/rabat-comedy.com\/?page_id=6932"},"modified":"2023-06-18T00:01:28","modified_gmt":"2023-06-17T22:01:28","slug":"festival-accreditation","status":"publish","type":"page","link":"https:\/\/rabat-comedy.com\/?page_id=6932&lang=en","title":{"rendered":"Festival Accreditation"},"content":{"rendered":"<p>[vc_row full_width=&#8221;stretch_row_content_no_spaces&#8221; uniqid=&#8221;5cc7dc44b68ba&#8221;][vc_column]    <section class=\"banner-area banner-area-5cc7db9895991 banner-default bsl-right current-white\">\n            <div class=\"banner-item white tac\" style=\"height: 240px;\">\n        \n    <div class=\"bg-overlay\">\n          <\/div>\n\n            <div class=\"container\">\n          <div class=\"row align-items-center fixed-height\" style=\"height: 240px;\">\n            <div class=\"col\">\n                              <div class=\"heading-block tac\">\n                                      <h1 class=\"h\"><span>Festival<\/span> accreditation<\/h1>\n                                  <\/div>\n                          <\/div>\n          <\/div>\n        <\/div>\n      <\/div>\n    <\/section>\n    [\/vc_column][\/vc_row][vc_row disable_element=&#8221;yes&#8221; css=&#8221;.vc_custom_1621923633858{padding-top: 0px !important;padding-bottom: 60px !important;}&#8221; uniqid=&#8221;5d2d1815f426b&#8221;][vc_column][vc_column_text]<\/p>\n<p>Les accr\u00e9ditations pour la 2 \u00e8me \u00e9dition du festival ne sont pas encore ouvertes.<\/p>\n<p>[\/vc_column_text][\/vc_column][\/vc_row][vc_row disable_element=&#8221;yes&#8221; css=&#8221;.vc_custom_1621923689771{padding-top: 0px !important;padding-bottom: 60px !important;}&#8221; uniqid=&#8221;5d96794f06bad&#8221;][vc_column][vc_column_text]<\/p>\n<p>Cette accr\u00e9ditation est r\u00e9serv\u00e9e \u00e0 la presse sp\u00e9cialis\u00e9e sous r\u00e9serve d\u2019acceptation par la commission de la communication du festival et dans la limite des places disponibles (un justificatif professionnel pourra vous \u00eatre demand\u00e9). Elle donne un acc\u00e8s prioritaire \u00e0 toutes les s\u00e9ances de projection et \u00e0 tous les \u00e9v\u00e8nements du festival. Cependant, elle est strictement personnelle et ne peut \u00eatre pr\u00eat\u00e9e sous peine d\u2019annulation des droits d\u2019acc\u00e8s et, \u00e9ventuellement, de poursuite.<\/p>\n<p>[\/vc_column_text][\/vc_column][\/vc_row][vc_row uniqid=&#8221;648dcf70036e1&#8243;][vc_column][vc_row_inner][vc_column_inner width=&#8221;1\/4&#8243;][\/vc_column_inner][vc_column_inner width=&#8221;1\/2&#8243;]\n<div class=\"wpcf7 no-js\" id=\"wpcf7-f6935-o1\" lang=\"en-US\" dir=\"ltr\">\n<div class=\"screen-reader-response\"><p role=\"status\" aria-live=\"polite\" aria-atomic=\"true\"><\/p> <ul><\/ul><\/div>\n<form action=\"\/index.php?rest_route=%2Fwp%2Fv2%2Fpages%2F6932#wpcf7-f6935-o1\" method=\"post\" class=\"wpcf7-form init\" aria-label=\"Contact form\" novalidate=\"novalidate\" data-status=\"init\">\n<div style=\"display: none;\">\n<input type=\"hidden\" name=\"_wpcf7\" value=\"6935\" \/>\n<input type=\"hidden\" name=\"_wpcf7_version\" value=\"5.9.4\" \/>\n<input type=\"hidden\" name=\"_wpcf7_locale\" value=\"en_US\" \/>\n<input type=\"hidden\" name=\"_wpcf7_unit_tag\" value=\"wpcf7-f6935-o1\" \/>\n<input type=\"hidden\" name=\"_wpcf7_container_post\" value=\"0\" \/>\n<input type=\"hidden\" name=\"_wpcf7_posted_data_hash\" value=\"\" \/>\n<input type=\"hidden\" name=\"_wpcf7cf_hidden_group_fields\" value=\"[]\" \/>\n<input type=\"hidden\" name=\"_wpcf7cf_hidden_groups\" value=\"[]\" \/>\n<input type=\"hidden\" name=\"_wpcf7cf_visible_groups\" value=\"[]\" \/>\n<input type=\"hidden\" name=\"_wpcf7cf_repeaters\" value=\"[]\" \/>\n<input type=\"hidden\" name=\"_wpcf7cf_steps\" value=\"{}\" \/>\n<input type=\"hidden\" name=\"_wpcf7cf_options\" value=\"{&quot;form_id&quot;:6935,&quot;conditions&quot;:[],&quot;settings&quot;:{&quot;animation&quot;:&quot;yes&quot;,&quot;animation_intime&quot;:200,&quot;animation_outtime&quot;:200,&quot;conditions_ui&quot;:&quot;normal&quot;,&quot;notice_dismissed&quot;:false}}\" \/>\n<\/div>\n<div class=\"contact-form\">\n    <div class=\"input-row\"><label>First name<span>*<\/span><\/label><span class=\"wpcf7-form-control-wrap\" data-name=\"f-nom\"><input size=\"40\" class=\"wpcf7-form-control wpcf7-text wpcf7-validates-as-required style1\" aria-required=\"true\" aria-invalid=\"false\" value=\"\" type=\"text\" name=\"f-nom\" \/><\/span><\/div>\n    <div class=\"input-row\"><label>last name<span>*<\/span><\/label><span class=\"wpcf7-form-control-wrap\" data-name=\"f-prenom\"><input size=\"40\" class=\"wpcf7-form-control wpcf7-text wpcf7-validates-as-required style1\" aria-required=\"true\" aria-invalid=\"false\" value=\"\" type=\"text\" name=\"f-prenom\" \/><\/span><\/div>\n    <div class=\"input-row\"><label>City <span>*<\/span><\/label><span class=\"wpcf7-form-control-wrap\" data-name=\"f-pr-ville\"><input size=\"40\" class=\"wpcf7-form-control wpcf7-text wpcf7-validates-as-required style1\" aria-required=\"true\" aria-invalid=\"false\" value=\"\" type=\"text\" name=\"f-pr-ville\" \/><\/span><\/div>\n    <div class=\"input-row\"><label>County <span>*<\/span><\/label><span class=\"wpcf7-form-control-wrap\" data-name=\"f-pays\"><input size=\"40\" class=\"wpcf7-form-control wpcf7-text wpcf7-validates-as-required style1\" aria-required=\"true\" aria-invalid=\"false\" value=\"\" type=\"text\" name=\"f-pays\" \/><\/span><\/div>\n    <div class=\"input-row\"><label>Phone number<span>*<\/span><\/label><span class=\"wpcf7-form-control-wrap\" data-name=\"f-tel\"><input size=\"40\" class=\"wpcf7-form-control wpcf7-tel wpcf7-validates-as-required wpcf7-text wpcf7-validates-as-tel style1\" aria-required=\"true\" aria-invalid=\"false\" value=\"\" type=\"tel\" name=\"f-tel\" \/><\/span><\/div>\n    <div class=\"input-row\"><label>E-Mail <span>*<\/span><\/label><span class=\"wpcf7-form-control-wrap\" data-name=\"f-email\"><input size=\"40\" class=\"wpcf7-form-control wpcf7-email wpcf7-validates-as-required wpcf7-text wpcf7-validates-as-email style1\" aria-required=\"true\" aria-invalid=\"false\" value=\"\" type=\"email\" name=\"f-email\" \/><\/span><\/div>\n    <div class=\"input-row\"><label>Fonction <span>*<\/span><\/label><span class=\"wpcf7-form-control-wrap\" data-name=\"f-Poste\"><input size=\"40\" class=\"wpcf7-form-control wpcf7-text wpcf7-validates-as-required style1\" aria-required=\"true\" aria-invalid=\"false\" value=\"\" type=\"text\" name=\"f-Poste\" \/><\/span><\/div>\n    <button class=\"button-style2\" type=\"submit\"><span>Send<\/span><\/button>\n<\/div><input type='hidden' class='wpcf7-pum' value='{\"closepopup\":false,\"closedelay\":0,\"openpopup\":false,\"openpopup_id\":0}' \/><div class=\"wpcf7-response-output\" aria-hidden=\"true\"><\/div>\n<\/form>\n<\/div>\n[\/vc_column_inner][vc_column_inner width=&#8221;1\/4&#8243;][\/vc_column_inner][\/vc_row_inner][\/vc_column][\/vc_row]<\/p>\n","protected":false},"excerpt":{"rendered":"<p>[vc_row full_width=&#8221;stretch_row_content_no_spaces&#8221; uniqid=&#8221;5cc7dc44b68ba&#8221;][vc_column][\/vc_column][\/vc_row][vc_row disable_element=&#8221;yes&#8221; css=&#8221;.vc_custom_1621923633858{padding-top: 0px !important;padding-bottom: 60px !important;}&#8221; uniqid=&#8221;5d2d1815f426b&#8221;][vc_column][vc_column_text] Les accr\u00e9ditations pour la 2 \u00e8me \u00e9dition du festival ne sont pas encore ouvertes. [\/vc_column_text][\/vc_column][\/vc_row][vc_row disable_element=&#8221;yes&#8221; css=&#8221;.vc_custom_1621923689771{padding-top: 0px !important;padding-bottom: 60px !important;}&#8221; uniqid=&#8221;5d96794f06bad&#8221;][vc_column][vc_column_text] Cette accr\u00e9ditation est r\u00e9serv\u00e9e \u00e0 la presse sp\u00e9cialis\u00e9e sous r\u00e9serve d\u2019acceptation par la commission de la communication du festival et dans la limite [&hellip;]<\/p>\n","protected":false},"author":1,"featured_media":0,"parent":0,"menu_order":0,"comment_status":"closed","ping_status":"closed","template":"template-landing.php","meta":{"_acf_changed":false,"spay_email":"","footnotes":""},"class_list":["post-6932","page","type-page","status-publish","hentry"],"acf":[],"jetpack-related-posts":[{"id":5871,"url":"https:\/\/rabat-comedy.com\/?page_id=5871&lang=en","url_meta":{"origin":6932,"position":0},"title":"Home","date":"9 mai 2021","format":false,"excerpt":"[vc_row full_width=\"stretch_row_content_no_spaces\" uniqid=\"5cc7dc44b68ba\"][vc_column][vc_column_text][\/vc_column_text][\/vc_column][\/vc_row][vc_row disable_element=\"yes\" uniqid=\"5d529c16b467c\"][vc_column][vc_column_text][\/vc_column_text][\/vc_column][\/vc_row][vc_row css_animation=\"none\" css=\".vc_custom_1564609260207{padding-top: 95px !important;padding-bottom: 35px !important;}\" uniqid=\"5cc7e14c90d0e\" el_id=\"quisomme\"][vc_column width=\"1\/2\"][vc_column_text][vc_column_text] The CMID has taken on the mission of organizing the Rabat-Comedy International Film Festival, as a cultural project of international scope that brings together film professionals in order to share the best independent productions of comedy\u2026","rel":"","context":"Article similaire","img":{"alt_text":"","src":"","width":0,"height":0},"classes":[]},{"id":6343,"url":"https:\/\/rabat-comedy.com\/?page_id=6343&lang=en","url_meta":{"origin":6932,"position":1},"title":"Gallery","date":"3 juin 2021","format":false,"excerpt":"[vc_row css=\".vc_custom_1564445136219{margin-top: 40px !important;}\" uniqid=\"5d3f89cabf31a\"][vc_column][\/vc_column][\/vc_row]","rel":"","context":"Article similaire","img":{"alt_text":"","src":"","width":0,"height":0},"classes":[]},{"id":6068,"url":"https:\/\/rabat-comedy.com\/?page_id=6068&lang=en","url_meta":{"origin":6932,"position":2},"title":"Press accreditation","date":"25 mai 2021","format":false,"excerpt":"[vc_row full_width=\"stretch_row_content_no_spaces\" uniqid=\"5cc7dc44b68ba\"][vc_column][\/vc_column][\/vc_row][vc_row disable_element=\"yes\" css=\".vc_custom_1621923633858{padding-top: 0px !important;padding-bottom: 60px !important;}\" uniqid=\"5d2d1815f426b\"][vc_column][vc_column_text] Les accr\u00e9ditations pour la 2 \u00e8me \u00e9dition du festival ne sont pas encore ouvertes. [\/vc_column_text][\/vc_column][\/vc_row][vc_row disable_element=\"yes\" css=\".vc_custom_1621923689771{padding-top: 0px !important;padding-bottom: 60px !important;}\" uniqid=\"5d96794f06bad\"][vc_column][vc_column_text] Cette accr\u00e9ditation est r\u00e9serv\u00e9e \u00e0 la presse sp\u00e9cialis\u00e9e sous r\u00e9serve d\u2019acceptation par la commission de la communication du\u2026","rel":"","context":"Article similaire","img":{"alt_text":"","src":"","width":0,"height":0},"classes":[]},{"id":6051,"url":"https:\/\/rabat-comedy.com\/?page_id=6051&lang=en","url_meta":{"origin":6932,"position":3},"title":"Attend the festival","date":"25 mai 2021","format":false,"excerpt":"[vc_row full_width=\"stretch_row_content_no_spaces\" uniqid=\"5cc7dc44b68ba\"][vc_column][\/vc_column][\/vc_row][vc_row disable_element=\"yes\" css=\".vc_custom_1766403921579{padding-top: 0px !important;padding-bottom: 60px !important;}\" uniqid=\"5d2d1815f426b\"][vc_column uniqid=\"5d34444bbed0d\"][vc_column_text] Festival-goers can register online or on site. Once registered, they will also be able to follow the ceremonies, conferences and professional meetings scheduled during the festival free of charge. By registering, members of the press will be able to\u2026","rel":"","context":"Article similaire","img":{"alt_text":"","src":"","width":0,"height":0},"classes":[]},{"id":6396,"url":"https:\/\/rabat-comedy.com\/?page_id=6396&lang=en","url_meta":{"origin":6932,"position":4},"title":"jury","date":"9 juin 2021","format":false,"excerpt":"[vc_row][vc_column][\/vc_column][\/vc_row][vc_row content_placement=\"middle\" uniqid=\"5d797038369d6\"][vc_column el_id=\"lepreeees\" uniqid=\"5d7970d887383\"][\/vc_column][\/vc_row][vc_row uniqid=\"6098d51cc49c3\"][vc_column][\/vc_column][\/vc_row][vc_row][vc_column][\/vc_column][\/vc_row][vc_row content_placement=\"middle\"][vc_column el_id=\"lepreeees\" uniqid=\"60c01cec0d5c8\"][\/vc_column][\/vc_row][vc_row][vc_column el_id=\"lepreeees\" uniqid=\"60c01cf2cd778\"][\/vc_column][\/vc_row]","rel":"","context":"Article similaire","img":{"alt_text":"","src":"","width":0,"height":0},"classes":[]},{"id":5951,"url":"https:\/\/rabat-comedy.com\/?page_id=5951&lang=en","url_meta":{"origin":6932,"position":5},"title":"Official Selection","date":"10 mai 2021","format":false,"excerpt":"[vc_row][vc_column el_class=\"header-text\" uniqid=\"60b5b33b81fc2\"][\/vc_column][\/vc_row][vc_row][vc_column css=\".vc_custom_1622520631575{padding-top: 0px !important;padding-bottom: 0px !important;}\" uniqid=\"60b5b106cbde4\" el_class=\"header-text\"][\/vc_column][\/vc_row][vc_row][vc_column width=\"1\/12\"][\/vc_column][vc_column width=\"10\/12\"][vc_row_inner][vc_column_inner el_class=\"long-metr\" width=\"1\/4\"][\/vc_column_inner][vc_column_inner width=\"1\/2\"][\/vc_column_inner][vc_column_inner width=\"1\/4\"][\/vc_column_inner][\/vc_row_inner][\/vc_column][vc_column width=\"1\/12\"][\/vc_column][\/vc_row][vc_row disable_element=\"yes\" uniqid=\"60dea39620974\"][vc_column width=\"1\/2\"][vc_row_inner css=\".vc_custom_1622724788791{margin-right: 5px !important;margin-bottom: 5px !important;margin-left: 5px !important;border-top-width: 4px !important;border-right-width: 4px !important;border-bottom-width: 4px !important;border-left-width: 4px !important;padding-right: 10px !important;padding-left: 10px !important;border-left-color: #cccccc !important;border-left-style: solid !important;border-right-color: #cccccc !important;border-right-style: solid !important;border-top-color: #cccccc !important;border-top-style: solid\u2026","rel":"","context":"Article similaire","img":{"alt_text":"","src":"","width":0,"height":0},"classes":[]}],"_links":{"self":[{"href":"https:\/\/rabat-comedy.com\/index.php?rest_route=\/wp\/v2\/pages\/6932","targetHints":{"allow":["GET"]}}],"collection":[{"href":"https:\/\/rabat-comedy.com\/index.php?rest_route=\/wp\/v2\/pages"}],"about":[{"href":"https:\/\/rabat-comedy.com\/index.php?rest_route=\/wp\/v2\/types\/page"}],"author":[{"embeddable":true,"href":"https:\/\/rabat-comedy.com\/index.php?rest_route=\/wp\/v2\/users\/1"}],"replies":[{"embeddable":true,"href":"https:\/\/rabat-comedy.com\/index.php?rest_route=%2Fwp%2Fv2%2Fcomments&post=6932"}],"version-history":[{"count":7,"href":"https:\/\/rabat-comedy.com\/index.php?rest_route=\/wp\/v2\/pages\/6932\/revisions"}],"predecessor-version":[{"id":9488,"href":"https:\/\/rabat-comedy.com\/index.php?rest_route=\/wp\/v2\/pages\/6932\/revisions\/9488"}],"wp:attachment":[{"href":"https:\/\/rabat-comedy.com\/index.php?rest_route=%2Fwp%2Fv2%2Fmedia&parent=6932"}],"curies":[{"name":"wp","href":"https:\/\/api.w.org\/{rel}","templated":true}]}}