{"id":5959,"date":"2021-05-14T11:43:03","date_gmt":"2021-05-14T09:43:03","guid":{"rendered":"http:\/\/rabat-comedy.com\/?page_id=5959"},"modified":"2021-05-14T11:43:03","modified_gmt":"2021-05-14T09:43:03","slug":"conditions-generales-de-vente","status":"publish","type":"page","link":"https:\/\/rabat-comedy.com\/?page_id=5959","title":{"rendered":"Conditions G\u00e9n\u00e9rales de Vente"},"content":{"rendered":"<p>[vc_row full_width=&#8221;stretch_row_content_no_spaces&#8221; uniqid=&#8221;5cc7dc44b68ba&#8221;][vc_column]    <section class=\"banner-area banner-area-5cc7db9895991 banner-default bsl-right current-white\">\n            <div class=\"banner-item white tac\" style=\"height: 340px;\">\n        \n    <div class=\"bg-overlay\">\n          <\/div>\n\n            <div class=\"container\">\n          <div class=\"row align-items-center fixed-height\" style=\"height: 340px;\">\n            <div class=\"col\">\n                              <div class=\"heading-block tac\">\n                                      <h1 class=\"h\">Conditions <span>G\u00e9n\u00e9rales de Vente<\/span><\/h1>\n                                  <\/div>\n                          <\/div>\n          <\/div>\n        <\/div>\n      <\/div>\n    <\/section>\n    [\/vc_column][\/vc_row][vc_row][vc_column][vc_column_text]<b>Pr\u00e9ambule<\/b><\/p>\n<p>Le Centre Marocain pour les Initiative de D\u00e9veloppement (CMID) est une association\u00a0 d\u2019entreprenariat culturel qui organise le Festival International du Film Rabat-Comedy.\u00a0 A cause de la pand\u00e9mie du Covid 19, le festival est organis\u00e9 en ligne.\u00a0 Les festivaliers d\u00e9sireux de visionner les films s\u00e9lectionn\u00e9s peuvent le faire durant la p\u00e9riode du festival en payant pour les films choisis selon les tarifs indiqu\u00e9s sur le site.<\/p>\n<p>Les pr\u00e9sentes Conditions G\u00e9n\u00e9rales de Vente sont \u00e9tablies par le CMID dans le cadre de son activit\u00e9 de mise en ligne sur son Site Web des offres de visionnage de films de cin\u00e9ma au cours de la p\u00e9riode du festival.<\/p>\n<p><b>1 &#8211; Dispositions g\u00e9n\u00e9rales<\/b><\/p>\n<p>1-1 L\u2019Association<\/p>\n<p>Le CMID est une association cr\u00e9\u00e9 en 2016 et dont dont le si\u00e8ge social est situ\u00e9 \u00e0 , Rabat au 16 rue Sebou N\u00b05, Agdal 10090.<\/p>\n<p>1-2 Acceptation<\/p>\n<p>Le Festivalier d\u00e9clare avoir pris connaissance des Conditions G\u00e9n\u00e9rales de Vente avant de passer commande et les avoir accept\u00e9es sans r\u00e9serve.<\/p>\n<p>1-3 Objet<\/p>\n<p>Dispositions contractuelles.<\/p>\n<p>1-4 Dispositions contractuelles<\/p>\n<p>La nullit\u00e9 d\u2019une clause contractuelle des Conditions G\u00e9n\u00e9rales de Vente n\u2019entra\u00eenera pas la nullit\u00e9 de l\u2019int\u00e9gralit\u00e9 des pr\u00e9sentes.<\/p>\n<p>1-5 Modification des conditions g\u00e9n\u00e9rales de vente<\/p>\n<p>Le CMID se r\u00e9serve la facult\u00e9 de modifier les pr\u00e9sentes Conditions G\u00e9n\u00e9rales de Vente \u00e0 tout moment. Les Conditions G\u00e9n\u00e9rales de Vente applicables sont celles en vigueur \u00e0 la date de la commande pass\u00e9e par le Festivalier.<\/p>\n<p><b>2 &#8211; Commandes<\/b><\/p>\n<p>2-1 Caract\u00e8re d\u00e9finitif de la commande<\/p>\n<p>Les commandes effectu\u00e9es sur le Site Web valent engagement ferme et d\u00e9finitif.<\/p>\n<p><b>2-2 Modification de la commande<\/b><\/p>\n<p>Les commandes \u00e9tant d\u00e9finitives et irr\u00e9vocables, toute demande de modification faite par le Festivalier est soumise \u00e0 l\u2019acceptation du CMID<\/p>\n<p><span style=\"font-size: 18px;\">\u00a0<\/span><\/p>\n<p>2-3 Validit\u00e9 de la commande<\/p>\n<p>Le CMID se r\u00e9serve le droit de refuser toute commande pour des motifs l\u00e9gitimes et plus particuli\u00e8rement dans le cas o\u00f9 les quantit\u00e9s command\u00e9es sont anormalement \u00e9lev\u00e9es par rapport aux quantit\u00e9s habituellement command\u00e9es par les Festivaliers en qualit\u00e9 de consommateurs.<\/p>\n<p><b>3 &#8211; Le prix du billet<\/b><\/p>\n<p>Le prix est exprim\u00e9 en DIRHAMS. Le prix indiqu\u00e9 dans la confirmation de commande est le prix d\u00e9finitif, exprim\u00e9 en toutes taxes comprises ;<\/p>\n<p><b>4 &#8211; Remise des billets<\/b><\/p>\n<p>La remise du billet est effectu\u00e9e par e-mail. Le billet consiste en un lien pour acc\u00e9der la plateforme digitale o\u00f9 sont h\u00e9berg\u00e9s les films et un code pour visionner les films correspondant au ticket achet\u00e9.<\/p>\n<p>L&#8217;acheteur des billets prend toutes les mesures de pr\u00e9caution requises pour conserver secret son mot de passe et pour emp\u00eacher toute utilisation par des personnes non autoris\u00e9es ou toute infraction.<\/p>\n<p>En tout \u00e9tat de cause, Le CMID ne peut \u00eatre tenu pour responsable de la non-remise du Billet au Festivalier, si cette non-remise est due \u00e0 la communication d\u2019informations erron\u00e9es par le Festivalier.<\/p>\n<p>Lorsque le Billet est envoy\u00e9 \u00e0 l\u2019adresse mail indiqu\u00e9e par le Festivalier, il lui appartient de v\u00e9rifier la nature du Billet envoy\u00e9 et, en cas d\u2019erreur, d\u2019\u00e9mettre des r\u00e9serves, et \u00e9ventuellement de refuser le Billet, et d\u2019en avertir le CMID dans un d\u00e9lai de 48h.<\/p>\n<p>Le remboursement du paiement des manifestations annul\u00e9es,\u00a0 s&#8217;effectue automatiquement vis-\u00e0-vis de l&#8217;acheteur de billets au moyen d&#8217;un cr\u00e9dit sur la carte de cr\u00e9dit indiqu\u00e9e lors du processus de commande.<\/p>\n<p><b>5 &#8211; Annulation, Remboursement, Utilisation<\/b><\/p>\n<p>Les billets de visionnage achet\u00e9s,\u00a0 font\u00a0 l&#8217;objet d&#8217;un droit de r\u00e9tractation au maximum 14 jours apr\u00e8s leur achat et avant le d\u00e9but de la p\u00e9riode du festival.<\/p>\n<p>Un billet de visionnage ne peut \u00eatre rembours\u00e9 m\u00eame en cas de perte ou de vol, sauf en cas d&#8217;annulation d&#8217;un spectacle. En cas d\u2019annulation du spectacle, seul le prix du billet sera rembours\u00e9. Ce remboursement n&#8217;interviendra qu&#8217;en faveur de l&#8217;acqu\u00e9reur initial contre remise du billet.<\/p>\n<p>Aucun duplicata du billet ne pourra \u00eatre d\u00e9livr\u00e9 y compris en cas de perte ou de vol.<\/p>\n<p>Aucun remboursement ne sera effectu\u00e9 une fois que le festival a commenc\u00e9.<\/p>\n<p><b>6 &#8211; Consignation de la valeur du Bon d\u2019achat<\/b><\/p>\n<p>6-1 Exigibilit\u00e9<\/p>\n<p>La consignation de la valeur du Billet est effectu\u00e9e \u00e0 la commande, une fois que celle-ci a \u00e9t\u00e9 confirm\u00e9e.<\/p>\n<p>6-2 Moyens de paiement<\/p>\n<p>Le CMID accepte les cartes bancaires marocaines et internationales sur son site Internet. Le paiement s\u2019effectue via la plateforme MarocTelecommerce.<\/p>\n<p>Cette solution est certifi\u00e9e par le centre mon\u00e9tique interbancaire et elle est 100% s\u00e9curis\u00e9e.<\/p>\n<p><b>7 &#8211; R\u00e8glement des litiges, Droit applicable et Juridiction comp\u00e9tente<\/b><\/p>\n<p>7-1 R\u00e9clamation<\/p>\n<p>Toute r\u00e9clamation doit \u00eatre adress\u00e9e au service festivaliers du festival. Contactez-nous sur rabatcomedy@gmail.com<\/p>\n<p>7-2 Droit applicable et Juridiction comp\u00e9tente<\/p>\n<p>Les Conditions G\u00e9n\u00e9rales de Commercialisation sont r\u00e9gies par le droit marocain. Tout litige relatif \u00e0 la commande ou aux pr\u00e9sentes Conditions G\u00e9n\u00e9rales de Vente sera soumis au tribunal comp\u00e9tent.<\/p>\n<p><b>8 &#8211; Informatique et libert\u00e9s<\/b><\/p>\n<p>Les informations recueillies sur le site www.rabat-comedy.com font l\u2019objet d\u2019un traitement destin\u00e9 \u00e0 assurer le traitement de la r\u00e9servation de l\u2019Acheteur, ainsi que pour renforcer et personnaliser la communication notamment par lettres\/courriers \u00e9lectroniques d\u2019information, et enfin pour personnaliser son Site Web en fonction des pr\u00e9f\u00e9rences constat\u00e9es des Acheteurs.<\/p>\n<p>Les donn\u00e9es personnelles communiqu\u00e9es par l\u2019Acheteur sont destin\u00e9es au CMID qui s\u2019engage \u00e0 respecter la confidentialit\u00e9 de ces donn\u00e9es personnelles et \u00e0 ne les communiquer \u00e0 aucun parti tiers.<\/p>\n<p>Lors de sa r\u00e9servation, l\u2019Acheteur pourra accepter de recevoir de la part du CMID des informations, des promotions, des propositions commerciales ou tous types de messages publicitaires de leurs partenaires et ce par le biais d\u2019envoi d\u2019e-mail ou de sms envoy\u00e9s directement par leurs partenaires commerciaux. L\u2019acheteur aura la possibilit\u00e9 de se d\u00e9sinscrire d\u00e8s qu\u2019il le souhaite.<\/p>\n<p>Conform\u00e9ment \u00e0 la loi n\u00b0 09-08 promulgu\u00e9e par le Dahir 1-09-15 du 18 f\u00e9vrier 2009, relative \u00e0 la protection des personnes physiques \u00e0 l&#8217;\u00e9gard du traitement des donn\u00e9es \u00e0 caract\u00e8re personnel, vous b\u00e9n\u00e9ficiez d\u2019un droit d\u2019acc\u00e8s et de rectification aux informations qui vous concernent, que vous pouvez exercer en vous adressant \u00e0 : info@rabatcomedy.ma.<\/p>\n<p>Vous pouvez \u00e9galement, pour des motifs l\u00e9gitimes, vous opposer \u00e0 ce que les donn\u00e9es qui vous concernent fassent l\u2019objet d\u2019un traitement.<\/p>\n<p><span style=\"font-size: 18px;\">\u00a0<\/span>[\/vc_column_text][\/vc_column][\/vc_row]<\/p>\n","protected":false},"excerpt":{"rendered":"<p>[vc_row full_width=&#8221;stretch_row_content_no_spaces&#8221; uniqid=&#8221;5cc7dc44b68ba&#8221;][vc_column][\/vc_column][\/vc_row][vc_row][vc_column][vc_column_text]Pr\u00e9ambule Le Centre Marocain pour les Initiative de D\u00e9veloppement (CMID) est une association\u00a0 d\u2019entreprenariat culturel qui organise le Festival International du Film Rabat-Comedy.\u00a0 A cause de la pand\u00e9mie du Covid 19, le festival est organis\u00e9 en ligne.\u00a0 Les festivaliers d\u00e9sireux de visionner les films s\u00e9lectionn\u00e9s peuvent le faire durant la p\u00e9riode du festival [&hellip;]<\/p>\n","protected":false},"author":1,"featured_media":0,"parent":0,"menu_order":0,"comment_status":"closed","ping_status":"open","template":"template-landing.php","meta":{"_acf_changed":false,"spay_email":"","footnotes":""},"class_list":["post-5959","page","type-page","status-publish","hentry"],"acf":[],"jetpack-related-posts":[{"id":1389,"url":"https:\/\/rabat-comedy.com\/","url_meta":{"origin":5959,"position":0},"title":"Accueil","date":"9 juillet 2019","format":false,"excerpt":"[vc_row full_width=\"stretch_row_content_no_spaces\" uniqid=\"5cc7dc44b68ba\"][vc_column][vc_column_text][\/vc_column_text][\/vc_column][\/vc_row][vc_row disable_element=\"yes\" uniqid=\"5d529c16b467c\"][vc_column][vc_column_text][\/vc_column_text][\/vc_column][\/vc_row][vc_row css_animation=\"none\" css=\".vc_custom_1564609260207{padding-top: 95px !important;padding-bottom: 35px !important;}\" uniqid=\"5cc7e14c90d0e\" el_id=\"quisomme\"][vc_column width=\"1\/2\"][vc_column_text][vc_column_text] Le Centre Marocain pour les Initiatives de D\u00e9veloppement dans les domaines du cin\u00e9ma, de l\u2019art et de la culture (CMID) s\u2019est donn\u00e9 pour mission d\u2019organiser le Festival International du Film Rabat-Comedy, en tant que projet culturel\u2026","rel":"","context":"Article similaire","img":{"alt_text":"","src":"","width":0,"height":0},"classes":[]},{"id":9290,"url":"https:\/\/rabat-comedy.com\/?page_id=9290","url_meta":{"origin":5959,"position":1},"title":"R\u00e8glement du festival international du film rabat-comedy","date":"15 mai 2025","format":false,"excerpt":"[vc_row full_width=\"stretch_row_content_no_spaces\" uniqid=\"5cc7dc44b68ba\"][vc_column][vc_column_text][\/vc_column_text][\/vc_column][\/vc_row][vc_row][vc_column][vc_column_text]Veuillez lire attentivement ces r\u00e8gles et conditions avant de soumettre votre film. En soumettant votre film en comp\u00e9tition au Festival international du film Rabat-Comedy, vous reconnaissez et acceptez express\u00e9ment que vous serez li\u00e9 par les pr\u00e9sentes r\u00e8gles et conditions. Tous les films doivent \u00eatre sous-titr\u00e9s en anglais. Les\u2026","rel":"","context":"Article similaire","img":{"alt_text":"","src":"","width":0,"height":0},"classes":[]},{"id":8686,"url":"https:\/\/rabat-comedy.com\/?page_id=8686","url_meta":{"origin":5959,"position":2},"title":"R\u00e8glement du festival international du film rabat-comedy","date":"11 mai 2024","format":false,"excerpt":"[vc_row full_width=\"stretch_row_content_no_spaces\" uniqid=\"5cc7dc44b68ba\"][vc_column][vc_column_text][\/vc_column_text][\/vc_column][\/vc_row][vc_row][vc_column][vc_column_text]Veuillez lire attentivement ces r\u00e8gles et conditions avant de soumettre votre film. En soumettant votre film en comp\u00e9tition au Festival international du film Rabat-Comedy, vous reconnaissez et acceptez express\u00e9ment que vous serez li\u00e9 par les pr\u00e9sentes r\u00e8gles et conditions. Tous les films qui ne sont pas en anglais\u2026","rel":"","context":"Article similaire","img":{"alt_text":"","src":"","width":0,"height":0},"classes":[]},{"id":1423,"url":"https:\/\/rabat-comedy.com\/?page_id=1423","url_meta":{"origin":5959,"position":3},"title":"Reglement du festival international du film rabat-comedy","date":"11 juillet 2019","format":false,"excerpt":"[vc_row full_width=\"stretch_row_content_no_spaces\" uniqid=\"5cc7dc44b68ba\"][vc_column][\/vc_column][\/vc_row][vc_row][vc_column][vc_column_text]Veuillez lire attentivement ces r\u00e8gles et conditions avant de soumettre votre film. En soumettant votre film en comp\u00e9tition au Festival international du film de Rabat-Comedy, vous reconnaissez et acceptez express\u00e9ment que vous serez li\u00e9 par les pr\u00e9sentes r\u00e8gles et conditions. Tous les films qui ne sont pas en\u2026","rel":"","context":"Article similaire","img":{"alt_text":"","src":"","width":0,"height":0},"classes":[]},{"id":6829,"url":"https:\/\/rabat-comedy.com\/?page_id=6829","url_meta":{"origin":5959,"position":4},"title":"R\u00e8glement du festival international du film rabat-comedy","date":"12 avril 2022","format":false,"excerpt":"[vc_row full_width=\"stretch_row_content_no_spaces\" uniqid=\"5cc7dc44b68ba\"][vc_column][vc_column_text] [\/vc_column_text][\/vc_column][\/vc_row][vc_row][vc_column][vc_column_text]Veuillez lire attentivement ces r\u00e8gles et conditions avant de soumettre votre film. En soumettant votre film au Festival international du film Rabat-Comedy, vous reconnaissez et acceptez express\u00e9ment que vous serez li\u00e9 par les pr\u00e9sentes r\u00e8gles et conditions. Tous les films qui ne sont pas en anglais doivent\u2026","rel":"","context":"Article similaire","img":{"alt_text":"","src":"","width":0,"height":0},"classes":[]},{"id":6329,"url":"https:\/\/rabat-comedy.com\/?page_id=6329","url_meta":{"origin":5959,"position":5},"title":"Festival Rabat-Comedy","date":"3 juin 2021","format":false,"excerpt":"[vc_row full_width=\"stretch_row_content_no_spaces\" uniqid=\"5cc7dc44b68ba\"][vc_column][\/vc_column][\/vc_row][vc_row css=\".vc_custom_1563706440770{padding-top: 0px !important;padding-bottom: 60px !important;}\" uniqid=\"5d2d1815f426b\"][vc_column uniqid=\"5d34444bbed0d\"][vc_column_text] La vente des tickets et des pass pour le festival sera ouverte \u00e0 partir du mardi 8 juin 2021 [\/vc_column_text][vc_row_inner][vc_column_inner width=\"1\/3\"][\/vc_column_inner][vc_column_inner width=\"1\/3\"][\/vc_column_inner][vc_column_inner width=\"1\/3\"][\/vc_column_inner][\/vc_row_inner][\/vc_column][\/vc_row]","rel":"","context":"Article similaire","img":{"alt_text":"","src":"","width":0,"height":0},"classes":[]}],"_links":{"self":[{"href":"https:\/\/rabat-comedy.com\/index.php?rest_route=\/wp\/v2\/pages\/5959","targetHints":{"allow":["GET"]}}],"collection":[{"href":"https:\/\/rabat-comedy.com\/index.php?rest_route=\/wp\/v2\/pages"}],"about":[{"href":"https:\/\/rabat-comedy.com\/index.php?rest_route=\/wp\/v2\/types\/page"}],"author":[{"embeddable":true,"href":"https:\/\/rabat-comedy.com\/index.php?rest_route=\/wp\/v2\/users\/1"}],"replies":[{"embeddable":true,"href":"https:\/\/rabat-comedy.com\/index.php?rest_route=%2Fwp%2Fv2%2Fcomments&post=5959"}],"version-history":[{"count":0,"href":"https:\/\/rabat-comedy.com\/index.php?rest_route=\/wp\/v2\/pages\/5959\/revisions"}],"wp:attachment":[{"href":"https:\/\/rabat-comedy.com\/index.php?rest_route=%2Fwp%2Fv2%2Fmedia&parent=5959"}],"curies":[{"name":"wp","href":"https:\/\/api.w.org\/{rel}","templated":true}]}}