{"id":5936,"date":"2021-05-10T09:44:34","date_gmt":"2021-05-10T07:44:34","guid":{"rendered":"http:\/\/rabat-comedy.com\/?page_id=5936"},"modified":"2025-12-22T12:47:37","modified_gmt":"2025-12-22T11:47:37","slug":"submit-a-film","status":"publish","type":"page","link":"https:\/\/rabat-comedy.com\/?page_id=5936&lang=en","title":{"rendered":"Submit a film"},"content":{"rendered":"<p>[vc_row full_width=&#8221;stretch_row_content_no_spaces&#8221; uniqid=&#8221;5cc7dc44b68ba&#8221;][vc_column]    <section class=\"banner-area banner-area-5cc7db9895991 banner-default bsl-right current-white\">\n            <div class=\"banner-item white tac\" style=\"height: 240px;\">\n        \n    <div class=\"bg-overlay\">\n          <\/div>\n\n            <div class=\"container\">\n          <div class=\"row align-items-center fixed-height\" style=\"height: 240px;\">\n            <div class=\"col\">\n                              <div class=\"heading-block tac\">\n                                      <h1 class=\"h\">Submit a <span>film<\/span><\/h1>\n                                  <\/div>\n                          <\/div>\n          <\/div>\n        <\/div>\n      <\/div>\n    <\/section>\n    [\/vc_column][\/vc_row][vc_row disable_element=&#8221;yes&#8221; uniqid=&#8221;69492fbb315b6&#8243;][vc_column][vc_column_text]<\/p>\n<p style=\"text-align: center;\"><span style=\"font-size: 22px;\">Film submissions are closed for this edition<\/span><\/p>\n<p>[\/vc_column_text][\/vc_column][\/vc_row][vc_row css=&#8221;.vc_custom_1564445608355{padding-top: 40px !important;padding-bottom: 60px !important;}&#8221; uniqid=&#8221;5d2d1815f426b&#8221;][vc_column][vc_row_inner uniqid=&#8221;6467cfbe751a5&#8243;][vc_column_inner width=&#8221;1\/3&#8243; css=&#8221;.vc_custom_1564313258290{border-radius: 25px !important;}&#8221;][vc_column_text css=&#8221;.vc_custom_1620632863935{margin-bottom: 0px !important;padding-top: 10px !important;padding-bottom: 10px !important;background-color: #464646 !important;}&#8221;]<\/p>\n<h2 class=\"wpb_heading wpb_singleimage_heading\" style=\"text-align: center;\"><span style=\"font-size: 20px;\">Submit your film on<\/span><\/h2>\n<p>[\/vc_column_text][vc_single_image image=&#8221;6900&#8243; img_size=&#8221;231&#215;100&#8243; add_caption=&#8221;yes&#8221; alignment=&#8221;center&#8221; onclick=&#8221;custom_link&#8221; css=&#8221;.vc_custom_1649857189624{padding-top: 5px !important;padding-right: 5px !important;padding-bottom: 5px !important;padding-left: 5px !important;background-color: #464646 !important;}&#8221; link=&#8221;https:\/\/filmmakers.festhome.com\/festival\/4934&#8243;][\/vc_column_inner][vc_column_inner width=&#8221;1\/3&#8243; css=&#8221;.vc_custom_1564313271033{border-radius: 25px !important;}&#8221;][vc_column_text css=&#8221;.vc_custom_1620632869711{margin-bottom: 0px !important;padding-top: 10px !important;padding-bottom: 10px !important;background-color: #464646 !important;}&#8221;]<\/p>\n<h2 class=\"wpb_heading wpb_singleimage_heading\" style=\"text-align: center;\"><span style=\"font-size: 20px;\">Submit your film on<\/span><\/h2>\n<p>[\/vc_column_text][vc_single_image image=&#8221;6901&#8243; img_size=&#8221;297&#215;100&#8243; alignment=&#8221;center&#8221; onclick=&#8221;custom_link&#8221; css=&#8221;.vc_custom_1649857197011{padding-top: 5px !important;padding-right: 5px !important;padding-bottom: 5px !important;padding-left: 5px !important;background-color: #464646 !important;}&#8221; link=&#8221;https:\/\/filmfreeway.com\/Rabat-Comedy&#8221;][\/vc_column_inner][vc_column_inner width=&#8221;1\/3&#8243; css=&#8221;.vc_custom_1564313281203{border-radius: 25px !important;}&#8221;][vc_column_text css=&#8221;.vc_custom_1620632875287{margin-bottom: 0px !important;padding-top: 10px !important;padding-bottom: 10px !important;background-color: #464646 !important;}&#8221;]<\/p>\n<h2 class=\"wpb_heading wpb_singleimage_heading\" style=\"text-align: center;\"><span style=\"font-size: 20px;\">Submit your film on<\/span><\/h2>\n<p>[\/vc_column_text][vc_single_image image=&#8221;6958&#8243; img_size=&#8221;110&#215;100&#8243; alignment=&#8221;center&#8221; onclick=&#8221;custom_link&#8221; css=&#8221;.vc_custom_1766404055848{padding-top: 5px !important;padding-right: 5px !important;padding-bottom: 5px !important;padding-left: 5px !important;background-color: #464646 !important;}&#8221; link=&#8221;https:\/\/rabat-comedy.com\/?page_id=6919&#038;lang=en&#8221;][\/vc_column_inner][\/vc_row_inner][\/vc_column][\/vc_row][vc_row disable_element=&#8221;yes&#8221; css=&#8221;.vc_custom_1564445588374{padding-top: 40px !important;padding-bottom: 60px !important;}&#8221;][vc_column][vc_column_text]<\/p>\n<p>Pour proposer votre court m\u00e9trage au comit\u00e9 de s\u00e9lection, vous pouvez vous inscrire avant<br \/>\nle 15 juillet 2019 \u00e0 travers:<\/p>\n<p>[\/vc_column_text][\/vc_column][\/vc_row]<\/p>\n","protected":false},"excerpt":{"rendered":"<p>[vc_row full_width=&#8221;stretch_row_content_no_spaces&#8221; uniqid=&#8221;5cc7dc44b68ba&#8221;][vc_column][\/vc_column][\/vc_row][vc_row disable_element=&#8221;yes&#8221; uniqid=&#8221;69492fbb315b6&#8243;][vc_column][vc_column_text] Film submissions are closed for this edition [\/vc_column_text][\/vc_column][\/vc_row][vc_row css=&#8221;.vc_custom_1564445608355{padding-top: 40px !important;padding-bottom: 60px !important;}&#8221; uniqid=&#8221;5d2d1815f426b&#8221;][vc_column][vc_row_inner uniqid=&#8221;6467cfbe751a5&#8243;][vc_column_inner width=&#8221;1\/3&#8243; css=&#8221;.vc_custom_1564313258290{border-radius: 25px !important;}&#8221;][vc_column_text css=&#8221;.vc_custom_1620632863935{margin-bottom: 0px !important;padding-top: 10px !important;padding-bottom: 10px !important;background-color: #464646 !important;}&#8221;] Submit your film on [\/vc_column_text][vc_single_image image=&#8221;6900&#8243; img_size=&#8221;231&#215;100&#8243; add_caption=&#8221;yes&#8221; alignment=&#8221;center&#8221; onclick=&#8221;custom_link&#8221; css=&#8221;.vc_custom_1649857189624{padding-top: 5px !important;padding-right: 5px !important;padding-bottom: 5px !important;padding-left: 5px !important;background-color: #464646 !important;}&#8221; link=&#8221;https:\/\/filmmakers.festhome.com\/festival\/4934&#8243;][\/vc_column_inner][vc_column_inner [&hellip;]<\/p>\n","protected":false},"author":1,"featured_media":0,"parent":0,"menu_order":0,"comment_status":"closed","ping_status":"closed","template":"template-landing.php","meta":{"_acf_changed":false,"spay_email":"","footnotes":""},"class_list":["post-5936","page","type-page","status-publish","hentry"],"acf":[],"jetpack-related-posts":[{"id":5871,"url":"https:\/\/rabat-comedy.com\/?page_id=5871&lang=en","url_meta":{"origin":5936,"position":0},"title":"Home","date":"9 mai 2021","format":false,"excerpt":"[vc_row full_width=\"stretch_row_content_no_spaces\" uniqid=\"5cc7dc44b68ba\"][vc_column][vc_column_text][\/vc_column_text][\/vc_column][\/vc_row][vc_row disable_element=\"yes\" uniqid=\"5d529c16b467c\"][vc_column][vc_column_text][\/vc_column_text][\/vc_column][\/vc_row][vc_row css_animation=\"none\" css=\".vc_custom_1564609260207{padding-top: 95px !important;padding-bottom: 35px !important;}\" uniqid=\"5cc7e14c90d0e\" el_id=\"quisomme\"][vc_column width=\"1\/2\"][vc_column_text][vc_column_text] The CMID has taken on the mission of organizing the Rabat-Comedy International Film Festival, as a cultural project of international scope that brings together film professionals in order to share the best independent productions of comedy\u2026","rel":"","context":"Article similaire","img":{"alt_text":"","src":"","width":0,"height":0},"classes":[]},{"id":6343,"url":"https:\/\/rabat-comedy.com\/?page_id=6343&lang=en","url_meta":{"origin":5936,"position":1},"title":"Gallery","date":"3 juin 2021","format":false,"excerpt":"[vc_row css=\".vc_custom_1564445136219{margin-top: 40px !important;}\" uniqid=\"5d3f89cabf31a\"][vc_column][\/vc_column][\/vc_row]","rel":"","context":"Article similaire","img":{"alt_text":"","src":"","width":0,"height":0},"classes":[]},{"id":6337,"url":"https:\/\/rabat-comedy.com\/?page_id=6337&lang=en","url_meta":{"origin":5936,"position":2},"title":"Interviews","date":"3 juin 2021","format":false,"excerpt":"[vc_row disable_element=\"yes\" css=\".vc_custom_1657387227428{padding-top: 80px !important;padding-bottom: 80px !important;}\" uniqid=\"5cdd2c8fcca9e\"][vc_column][\/vc_column][\/vc_row][vc_row css=\".vc_custom_1557998930465{padding-top: 80px !important;padding-bottom: 80px !important;}\" uniqid=\"5cdd2c8fcca9e\"][vc_column][\/vc_column][\/vc_row]","rel":"","context":"Article similaire","img":{"alt_text":"","src":"","width":0,"height":0},"classes":[]},{"id":6349,"url":"https:\/\/rabat-comedy.com\/?page_id=6349&lang=en","url_meta":{"origin":5936,"position":3},"title":"News","date":"3 juin 2021","format":false,"excerpt":"[vc_row css=\".vc_custom_1564445243394{margin-top: 40px !important;}\" uniqid=\"5d3f8a37fe073\"][vc_column][\/vc_column][\/vc_row]","rel":"","context":"Article similaire","img":{"alt_text":"","src":"","width":0,"height":0},"classes":[]},{"id":8901,"url":"https:\/\/rabat-comedy.com\/?page_id=8901&lang=en","url_meta":{"origin":5936,"position":4},"title":"Jury","date":"1 juin 2024","format":false,"excerpt":"[vc_row][vc_column][\/vc_column][\/vc_row][vc_row content_placement=\"middle\" uniqid=\"5d797038369d6\"][vc_column el_id=\"lepreeees\" uniqid=\"5d7970d887383\"][\/vc_column][\/vc_row][vc_row uniqid=\"6098d51cc49c3\"][vc_column][\/vc_column][\/vc_row][vc_row][vc_column][\/vc_column][\/vc_row][vc_row content_placement=\"middle\"][vc_column el_id=\"lepreeees\" uniqid=\"60c01cec0d5c8\"][\/vc_column][\/vc_row][vc_row][vc_column el_id=\"lepreeees\" uniqid=\"60c01cf2cd778\"][\/vc_column][\/vc_row]","rel":"","context":"Article similaire","img":{"alt_text":"","src":"","width":0,"height":0},"classes":[]},{"id":7130,"url":"https:\/\/rabat-comedy.com\/?page_id=7130&lang=en","url_meta":{"origin":5936,"position":5},"title":"Jury","date":"10 juin 2022","format":false,"excerpt":"[vc_row][vc_column][\/vc_column][\/vc_row][vc_row content_placement=\"middle\" uniqid=\"5d797038369d6\"][vc_column el_id=\"lepreeees\" uniqid=\"5d7970d887383\"][\/vc_column][\/vc_row][vc_row uniqid=\"6098d51cc49c3\"][vc_column][\/vc_column][\/vc_row][vc_row][vc_column][\/vc_column][\/vc_row][vc_row content_placement=\"middle\"][vc_column el_id=\"lepreeees\" uniqid=\"60c01cec0d5c8\"][\/vc_column][\/vc_row][vc_row][vc_column el_id=\"lepreeees\" uniqid=\"60c01cf2cd778\"][\/vc_column][\/vc_row]","rel":"","context":"Article similaire","img":{"alt_text":"","src":"","width":0,"height":0},"classes":[]}],"_links":{"self":[{"href":"https:\/\/rabat-comedy.com\/index.php?rest_route=\/wp\/v2\/pages\/5936","targetHints":{"allow":["GET"]}}],"collection":[{"href":"https:\/\/rabat-comedy.com\/index.php?rest_route=\/wp\/v2\/pages"}],"about":[{"href":"https:\/\/rabat-comedy.com\/index.php?rest_route=\/wp\/v2\/types\/page"}],"author":[{"embeddable":true,"href":"https:\/\/rabat-comedy.com\/index.php?rest_route=\/wp\/v2\/users\/1"}],"replies":[{"embeddable":true,"href":"https:\/\/rabat-comedy.com\/index.php?rest_route=%2Fwp%2Fv2%2Fcomments&post=5936"}],"version-history":[{"count":8,"href":"https:\/\/rabat-comedy.com\/index.php?rest_route=\/wp\/v2\/pages\/5936\/revisions"}],"predecessor-version":[{"id":10062,"href":"https:\/\/rabat-comedy.com\/index.php?rest_route=\/wp\/v2\/pages\/5936\/revisions\/10062"}],"wp:attachment":[{"href":"https:\/\/rabat-comedy.com\/index.php?rest_route=%2Fwp%2Fv2%2Fmedia&parent=5936"}],"curies":[{"name":"wp","href":"https:\/\/api.w.org\/{rel}","templated":true}]}}