{"id":5889,"date":"2021-05-10T08:04:57","date_gmt":"2021-05-10T06:04:57","guid":{"rendered":"http:\/\/rabat-comedy.com\/?page_id=5889"},"modified":"2021-05-10T08:04:57","modified_gmt":"2021-05-10T06:04:57","slug":"premiere_edition-palmares","status":"publish","type":"page","link":"https:\/\/rabat-comedy.com\/?page_id=5889","title":{"rendered":"PALMAR\u00c8S"},"content":{"rendered":"<p>[vc_row full_width=&#8221;stretch_row_content_no_spaces&#8221; uniqid=&#8221;5cc7dc44b68ba&#8221; css=&#8221;.vc_custom_1570143561732{margin-bottom: 20px !important;}&#8221;][vc_column]    <section class=\"banner-area banner-area-5cc7db9895991 banner-default bsl-right current-white\">\n            <div class=\"banner-item white tal\" style=\"height: 240px;\">\n        \n    <div class=\"bg-overlay\">\n          <\/div>\n\n            <div class=\"container\">\n          <div class=\"row align-items-center fixed-height\" style=\"height: 240px;\">\n            <div class=\"col\">\n                              <div class=\"heading-block tal\">\n                                      <h3 class=\"h\">Palmar\u00e8s de la 1 \u00e8re \u00e9dition du <span>Festival International du Film Rabat-Comedy<\/span><\/h3>\n                                  <\/div>\n                          <\/div>\n          <\/div>\n        <\/div>\n      <\/div>\n    <\/section>\n    [\/vc_column][\/vc_row][vc_row][vc_column][vc_single_image image=&#8221;3971&#8243; img_size=&#8221;full&#8221;][\/vc_column][\/vc_row][vc_row css=&#8221;.vc_custom_1563706440770{padding-top: 0px !important;padding-bottom: 60px !important;}&#8221; uniqid=&#8221;5d2d1815f426b&#8221;][vc_column uniqid=&#8221;5d34444bbed0d&#8221;][vc_column_text]<strong>Deux mentions sp\u00e9ciales pour les films:<\/strong><\/p>\n<ul>\n<li>SWIPE AT FIRST SIGHT de Kevin de la Isla O\u2019Neill d\u2019Irlande.<\/li>\n<li>TURNUL DIN PISA de Bogdan Iliesiu de Roumanie.<\/li>\n<\/ul>\n<p><strong>Le Prix du 1 er R\u00f4le Masculin ex aequo pour :<\/strong><\/p>\n<ul>\n<li>Abderrahim Tamimi dans le film ROUJOULA de Ilias El Faris du Maroc.<\/li>\n<li>Andrei Miercure dans le film TURNUL DIN PISA de Bogdan Iliesiu de Roumanie.<\/li>\n<\/ul>\n<p><strong>Le Prix du 1 er R\u00f4le F\u00e9minin<\/strong> pour Susan Barrett dans le film SWIPE AT FIRST SIGHT de Kevin de la Isla O\u2019Neill d\u2019Irlande<br \/>\n<strong>Le Prix du Jury<\/strong> pour le film DEBT de Patrick Carelsz des Pays-Bas.<br \/>\n<strong>Le Grand Prix<\/strong> pour le film INMADUROS de Jorge Ponce Betti d\u2019Argentine.[\/vc_column_text][\/vc_column][\/vc_row]<\/p>\n","protected":false},"excerpt":{"rendered":"<p>[vc_row full_width=&#8221;stretch_row_content_no_spaces&#8221; uniqid=&#8221;5cc7dc44b68ba&#8221; css=&#8221;.vc_custom_1570143561732{margin-bottom: 20px !important;}&#8221;][vc_column][\/vc_column][\/vc_row][vc_row][vc_column][vc_single_image image=&#8221;3971&#8243; img_size=&#8221;full&#8221;][\/vc_column][\/vc_row][vc_row css=&#8221;.vc_custom_1563706440770{padding-top: 0px !important;padding-bottom: 60px !important;}&#8221; uniqid=&#8221;5d2d1815f426b&#8221;][vc_column uniqid=&#8221;5d34444bbed0d&#8221;][vc_column_text]Deux mentions sp\u00e9ciales pour les films: SWIPE AT FIRST SIGHT de Kevin de la Isla O\u2019Neill d\u2019Irlande. TURNUL DIN PISA de Bogdan Iliesiu de Roumanie. Le Prix du 1 er R\u00f4le Masculin ex aequo pour : Abderrahim Tamimi dans le film [&hellip;]<\/p>\n","protected":false},"author":1,"featured_media":0,"parent":0,"menu_order":0,"comment_status":"closed","ping_status":"closed","template":"template-landing.php","meta":{"_acf_changed":false,"spay_email":"","footnotes":""},"class_list":["post-5889","page","type-page","status-publish","hentry"],"acf":[],"jetpack-related-posts":[{"id":556,"url":"https:\/\/rabat-comedy.com\/?page_id=556","url_meta":{"origin":5889,"position":0},"title":"Cinema","date":"22 avril 2019","format":false,"excerpt":"[vc_section full_width=\"stretch_row\" background_parallax=\"on\" background_parallax_align=\"top\" background_parallax_speed=\"0.85\" bg_overlay=\"\" uniqid=\"5cc69882b880d\" background_image=\"51\"][vc_row full_width=\"stretch_row_content_no_spaces\" uniqid=\"5cc69557b7c91\"][vc_column][\/vc_column][\/vc_row][vc_row full_width=\"stretch_row_content_no_spaces\" uniqid=\"5cc6db7187a1c\"][vc_column][\/vc_column][\/vc_row][vc_row css=\".vc_custom_1556536621598{padding-bottom: 120px !important;}\" uniqid=\"5cc6dd2652a2a\"][vc_column][vc_column_text] When drought leads humankind to a food crisis, a team of researchers and scientists travels through the wormhole, which presumably connects areas of space-time through a large distance, to travel in order to transcend\u2026","rel":"","context":"Article similaire","img":{"alt_text":"","src":"","width":0,"height":0},"classes":[]},{"id":590,"url":"https:\/\/rabat-comedy.com\/?page_id=590","url_meta":{"origin":5889,"position":1},"title":"Contact Us","date":"22 avril 2019","format":false,"excerpt":"[vc_row full_width=\"stretch_row_content_no_spaces\" uniqid=\"5cda53519cfac\"][vc_column][\/vc_column][\/vc_row][vc_row equal_height=\"yes\" uniqid=\"5cda544e1b3f8\" css=\".vc_custom_1557812559137{padding-top: 30px !important;padding-bottom: 30px !important;}\"][vc_column width=\"1\/3\"][\/vc_column][vc_column width=\"1\/3\"][\/vc_column][vc_column width=\"1\/3\"][\/vc_column][\/vc_row][vc_row full_width=\"stretch_row_content_no_spaces\" gap=\"35\" equal_height=\"yes\" content_placement=\"middle\" uniqid=\"5cda582ac5f97\"][vc_column width=\"1\/2\" uniqid=\"5cda6944fa891\" css=\".vc_custom_1557817889561{padding-right: 0px !important;padding-left: 0px !important;}\"][\/vc_column][vc_column width=\"1\/2\" content_color=\"light\" css=\".vc_custom_1557818099189{background-color: #eef0f2 !important;}\" uniqid=\"5cda6956f238a\"][vc_column_text el_class=\"text-t1\"] Thank you to the people who shared their stories in our film. They trusted us and we\u2019re very\u2026","rel":"","context":"Article similaire","img":{"alt_text":"","src":"","width":0,"height":0},"classes":[]},{"id":558,"url":"https:\/\/rabat-comedy.com\/?page_id=558","url_meta":{"origin":5889,"position":2},"title":"Film Festival","date":"22 avril 2019","format":false,"excerpt":"[vc_row full_width=\"stretch_row_content_no_spaces\" uniqid=\"5cc7dc44b68ba\"][vc_column][\/vc_column][\/vc_row][vc_row css_animation=\"none\" css=\".vc_custom_1556604677408{padding-bottom: 35px !important;}\" uniqid=\"5cc7e14c90d0e\"][vc_column][\/vc_column][\/vc_row][vc_row full_width=\"stretch_row\" content_color=\"light\" css=\".vc_custom_1558422572937{padding-top: 95px !important;padding-bottom: 118px !important;}\" uniqid=\"5cc7e1da493f8\"][vc_column][vc_column_text css=\".vc_custom_1556603633843{margin-top: 55px !important;}\"] One of the largest film festivals and large-scale cultural event that introduces citizens to the most relevant of the world of music, modern art, media, street culture, sports and new technologies.\u2026","rel":"","context":"Article similaire","img":{"alt_text":"","src":"","width":0,"height":0},"classes":[]},{"id":1389,"url":"https:\/\/rabat-comedy.com\/","url_meta":{"origin":5889,"position":3},"title":"Accueil","date":"9 juillet 2019","format":false,"excerpt":"[vc_row full_width=\"stretch_row_content_no_spaces\" uniqid=\"5cc7dc44b68ba\"][vc_column][vc_column_text][\/vc_column_text][\/vc_column][\/vc_row][vc_row disable_element=\"yes\" uniqid=\"5d529c16b467c\"][vc_column][vc_column_text][\/vc_column_text][\/vc_column][\/vc_row][vc_row css_animation=\"none\" css=\".vc_custom_1564609260207{padding-top: 95px !important;padding-bottom: 35px !important;}\" uniqid=\"5cc7e14c90d0e\" el_id=\"quisomme\"][vc_column width=\"1\/2\"][vc_column_text][vc_column_text] Le Centre Marocain pour les Initiatives de D\u00e9veloppement dans les domaines du cin\u00e9ma, de l\u2019art et de la culture (CMID) s\u2019est donn\u00e9 pour mission d\u2019organiser le Festival International du Film Rabat-Comedy, en tant que projet culturel\u2026","rel":"","context":"Article similaire","img":{"alt_text":"","src":"","width":0,"height":0},"classes":[]},{"id":7623,"url":"https:\/\/rabat-comedy.com\/?page_id=7623","url_meta":{"origin":5889,"position":4},"title":"PALMAR\u00c8S","date":"9 juillet 2022","format":false,"excerpt":"[vc_row full_width=\"stretch_row_content_no_spaces\" uniqid=\"5cc7dc44b68ba\" css=\".vc_custom_1570143561732{margin-bottom: 20px !important;}\"][vc_column][\/vc_column][\/vc_row][vc_row][vc_column][vc_single_image image=\"7548\" img_size=\"full\"][\/vc_column][\/vc_row][vc_row css=\".vc_custom_1563706440770{padding-top: 0px !important;padding-bottom: 60px !important;}\" uniqid=\"5d2d1815f426b\"][vc_column uniqid=\"5d34444bbed0d\"][vc_column_text]Deux mentions sp\u00e9ciales pour les films: SWIPE AT FIRST SIGHT de Kevin de la Isla O\u2019Neill d\u2019Irlande. TURNUL DIN PISA de Bogdan Iliesiu de Roumanie. Le Prix du 1 er R\u00f4le Masculin ex aequo pour :\u2026","rel":"","context":"Article similaire","img":{"alt_text":"","src":"","width":0,"height":0},"classes":[]},{"id":4559,"url":"https:\/\/rabat-comedy.com\/?page_id=4559","url_meta":{"origin":5889,"position":5},"title":"PALMAR\u00c8S","date":"4 octobre 2019","format":false,"excerpt":"[vc_row full_width=\"stretch_row_content_no_spaces\" uniqid=\"5cc7dc44b68ba\" css=\".vc_custom_1570143561732{margin-bottom: 20px !important;}\"][vc_column][\/vc_column][\/vc_row][vc_row disable_element=\"yes\" uniqid=\"60aca58190e7b\"][vc_column][vc_single_image image=\"3971\" img_size=\"full\"][\/vc_column][\/vc_row][vc_row css=\".vc_custom_1563706440770{padding-top: 0px !important;padding-bottom: 60px !important;}\" uniqid=\"5d2d1815f426b\"][vc_column uniqid=\"5d34444bbed0d\"][vc_column_text]Prix pour la comp\u00e9tition de long m\u00e9trage: Le Grand Prix: DOCTEUR ? de Tristan S\u00e9gu\u00e9la (France). Le Prix Sp\u00e9cial du Jury: LA QUEMA de Fernando Colomo (Espagne). Le Prix de la Meilleure Actrice: Maggie\u2026","rel":"","context":"Article similaire","img":{"alt_text":"","src":"","width":0,"height":0},"classes":[]}],"_links":{"self":[{"href":"https:\/\/rabat-comedy.com\/index.php?rest_route=\/wp\/v2\/pages\/5889","targetHints":{"allow":["GET"]}}],"collection":[{"href":"https:\/\/rabat-comedy.com\/index.php?rest_route=\/wp\/v2\/pages"}],"about":[{"href":"https:\/\/rabat-comedy.com\/index.php?rest_route=\/wp\/v2\/types\/page"}],"author":[{"embeddable":true,"href":"https:\/\/rabat-comedy.com\/index.php?rest_route=\/wp\/v2\/users\/1"}],"replies":[{"embeddable":true,"href":"https:\/\/rabat-comedy.com\/index.php?rest_route=%2Fwp%2Fv2%2Fcomments&post=5889"}],"version-history":[{"count":0,"href":"https:\/\/rabat-comedy.com\/index.php?rest_route=\/wp\/v2\/pages\/5889\/revisions"}],"wp:attachment":[{"href":"https:\/\/rabat-comedy.com\/index.php?rest_route=%2Fwp%2Fv2%2Fmedia&parent=5889"}],"curies":[{"name":"wp","href":"https:\/\/api.w.org\/{rel}","templated":true}]}}