{"id":2156,"date":"2022-04-13T17:13:36","date_gmt":"2022-04-13T15:13:36","guid":{"rendered":"http:\/\/rabat-comedy.com\/?page_id=2156"},"modified":"2022-04-15T18:28:04","modified_gmt":"2022-04-15T16:28:04","slug":"inscrivez-votre-film","status":"publish","type":"page","link":"https:\/\/rabat-comedy.com\/?page_id=2156","title":{"rendered":"Inscrivez votre film"},"content":{"rendered":"<p>[vc_row][vc_column]\n<div class=\"wpcf7 no-js\" id=\"wpcf7-f1431-o1\" lang=\"en-US\" dir=\"ltr\">\n<div class=\"screen-reader-response\"><p role=\"status\" aria-live=\"polite\" aria-atomic=\"true\"><\/p> <ul><\/ul><\/div>\n<form action=\"\/index.php?rest_route=%2Fwp%2Fv2%2Fpages%2F2156#wpcf7-f1431-o1\" method=\"post\" class=\"wpcf7-form init\" aria-label=\"Contact form\" novalidate=\"novalidate\" data-status=\"init\">\n<div style=\"display: none;\">\n<input type=\"hidden\" name=\"_wpcf7\" value=\"1431\" \/>\n<input type=\"hidden\" name=\"_wpcf7_version\" value=\"5.9.4\" \/>\n<input type=\"hidden\" name=\"_wpcf7_locale\" value=\"en_US\" \/>\n<input type=\"hidden\" name=\"_wpcf7_unit_tag\" value=\"wpcf7-f1431-o1\" \/>\n<input type=\"hidden\" name=\"_wpcf7_container_post\" value=\"0\" \/>\n<input type=\"hidden\" name=\"_wpcf7_posted_data_hash\" value=\"\" \/>\n<input type=\"hidden\" name=\"_wpcf7cf_hidden_group_fields\" value=\"[]\" \/>\n<input type=\"hidden\" name=\"_wpcf7cf_hidden_groups\" value=\"[]\" \/>\n<input type=\"hidden\" name=\"_wpcf7cf_visible_groups\" value=\"[]\" \/>\n<input type=\"hidden\" name=\"_wpcf7cf_repeaters\" value=\"[]\" \/>\n<input type=\"hidden\" name=\"_wpcf7cf_steps\" value=\"{}\" \/>\n<input type=\"hidden\" name=\"_wpcf7cf_options\" value=\"{&quot;form_id&quot;:1431,&quot;conditions&quot;:[],&quot;settings&quot;:{&quot;animation&quot;:&quot;yes&quot;,&quot;animation_intime&quot;:200,&quot;animation_outtime&quot;:200,&quot;conditions_ui&quot;:&quot;normal&quot;,&quot;notice_dismissed&quot;:false}}\" \/>\n<\/div>\n<div class=\"contact-form\">\n    <fieldset>\n        <legend>SECTION DE FILM<\/legend>\n        <div class=\"input-row\"><label>Titre original <span>*<\/span><\/label><span class=\"wpcf7-form-control-wrap\" data-name=\"f-titre\"><input size=\"40\" class=\"wpcf7-form-control wpcf7-text style1\" aria-invalid=\"false\" value=\"\" type=\"text\" name=\"f-titre\" \/><\/span><\/div>\n        <div class=\"input-row\"><label>Titre en Anglais <span>*<\/span><\/label><span class=\"wpcf7-form-control-wrap\" data-name=\"f-titre-en\"><input size=\"40\" class=\"wpcf7-form-control wpcf7-text style1\" aria-invalid=\"false\" value=\"\" type=\"text\" name=\"f-titre-en\" \/><\/span><\/div>\n        <div class=\"input-row\"><label>Premier film <span>*<\/span><\/label><span class=\"wpcf7-form-control-wrap\" data-name=\"p-film\"><span class=\"wpcf7-form-control wpcf7-radio style1\"><span class=\"wpcf7-list-item first\"><input type=\"radio\" name=\"p-film\" value=\"Oui\" checked=\"checked\" \/><span class=\"wpcf7-list-item-label\">Oui<\/span><\/span><span class=\"wpcf7-list-item last\"><input type=\"radio\" name=\"p-film\" value=\"Non\" \/><span class=\"wpcf7-list-item-label\">Non<\/span><\/span><\/span><\/span><\/div>\n        <div class=\"input-row\"><label>Ann\u00e9e de production <span>*<\/span><\/label><span class=\"wpcf7-form-control-wrap\" data-name=\"anne\"><input size=\"40\" class=\"wpcf7-form-control wpcf7-text wpcf7-validates-as-required style1\" aria-required=\"true\" aria-invalid=\"false\" value=\"\" type=\"text\" name=\"anne\" \/><\/span><\/div>\n        <div class=\"input-row\"><label>Lien web pour le film <span>*<\/span><\/label><span class=\"wpcf7-form-control-wrap\" data-name=\"lien-f\"><input size=\"40\" class=\"wpcf7-form-control wpcf7-text wpcf7-validates-as-required style1\" aria-required=\"true\" aria-invalid=\"false\" value=\"\" type=\"text\" name=\"lien-f\" \/><\/span><\/div>\n        <div class=\"input-row\"><label>Mot de passe du lien web pour film <\/label><span class=\"wpcf7-form-control-wrap\" data-name=\"pass-f\"><input size=\"40\" class=\"wpcf7-form-control wpcf7-text style1\" aria-invalid=\"false\" value=\"\" type=\"text\" name=\"pass-f\" \/><\/span><\/div>\n    <\/fieldset>\n<\/div>\n<div class=\"contact-form\">\n    <fieldset>\n        <legend>SOUMISSIONNAIRE<\/legend>\n        <div class=\"input-row\"><label>R\u00f4le <span>*<\/span><\/label><span class=\"wpcf7-form-control-wrap\" data-name=\"checkbox-435\"><span class=\"wpcf7-form-control wpcf7-checkbox wpcf7-validates-as-required\"><span class=\"wpcf7-list-item first\"><label><input type=\"checkbox\" name=\"checkbox-435[]\" value=\"R\u00e9alisateur\" \/><span class=\"wpcf7-list-item-label\">R\u00e9alisateur<\/span><\/label><\/span><span class=\"wpcf7-list-item\"><label><input type=\"checkbox\" name=\"checkbox-435[]\" value=\"Producteur\" \/><span class=\"wpcf7-list-item-label\">Producteur<\/span><\/label><\/span><span class=\"wpcf7-list-item last\"><label><input type=\"checkbox\" name=\"checkbox-435[]\" value=\"Distributeur\" \/><span class=\"wpcf7-list-item-label\">Distributeur<\/span><\/label><\/span><\/span><\/span><\/div>\n        <div class=\"input-row\"><label>Nom <span>*<\/span><\/label><span class=\"wpcf7-form-control-wrap\" data-name=\"r-nom\"><input size=\"40\" class=\"wpcf7-form-control wpcf7-text style1\" aria-invalid=\"false\" value=\"\" type=\"text\" name=\"r-nom\" \/><\/span><\/div>\n        <div class=\"input-row\"><label>Pr\u00e9nom <span>*<\/span><\/label><span class=\"wpcf7-form-control-wrap\" data-name=\"r-prenom\"><input size=\"40\" class=\"wpcf7-form-control wpcf7-text style1\" aria-invalid=\"false\" value=\"\" type=\"text\" name=\"r-prenom\" \/><\/span><\/div>\n        <div class=\"input-row\"><label>Adresse postale <span>*<\/span><\/label><span class=\"wpcf7-form-control-wrap\" data-name=\"r-adresse\"><input size=\"40\" class=\"wpcf7-form-control wpcf7-text wpcf7-validates-as-required style1\" aria-required=\"true\" aria-invalid=\"false\" value=\"\" type=\"text\" name=\"r-adresse\" \/><\/span><\/div>\n        <div class=\"input-row\"><label>Ville <span>*<\/span><\/label><span class=\"wpcf7-form-control-wrap\" data-name=\"r-ville\"><input size=\"40\" class=\"wpcf7-form-control wpcf7-text wpcf7-validates-as-required style1\" aria-required=\"true\" aria-invalid=\"false\" value=\"\" type=\"text\" name=\"r-ville\" \/><\/span><\/div>\n        <div class=\"input-row\"><label>Code postal <span>*<\/span><\/label><span class=\"wpcf7-form-control-wrap\" data-name=\"r-postal\"><input size=\"40\" class=\"wpcf7-form-control wpcf7-text style1\" aria-invalid=\"false\" value=\"\" type=\"text\" name=\"r-postal\" \/><\/span><\/div>\n        <div class=\"input-row\"><label>Pays <span>*<\/span><\/label><span class=\"wpcf7-form-control-wrap\" data-name=\"r-pays\"><input size=\"40\" class=\"wpcf7-form-control wpcf7-text wpcf7-validates-as-required style1\" aria-required=\"true\" aria-invalid=\"false\" value=\"\" type=\"text\" name=\"r-pays\" \/><\/span><\/div>\n        <div class=\"input-row\"><label>Tel <span>*<\/span><\/label><span class=\"wpcf7-form-control-wrap\" data-name=\"r-tel\"><input size=\"40\" class=\"wpcf7-form-control wpcf7-text wpcf7-validates-as-required style1\" aria-required=\"true\" aria-invalid=\"false\" value=\"\" type=\"text\" name=\"r-tel\" \/><\/span><\/div>\n        <div class=\"input-row\"><label>E-mail <span>*<\/span><\/label><span class=\"wpcf7-form-control-wrap\" data-name=\"r-E-mail\"><input size=\"40\" class=\"wpcf7-form-control wpcf7-text wpcf7-validates-as-required style1\" aria-required=\"true\" aria-invalid=\"false\" value=\"\" type=\"text\" name=\"r-E-mail\" \/><\/span><\/div>\n        <div class=\"input-row\"><span class=\"wpcf7-form-control-wrap\" data-name=\"acceptance-622\"><span class=\"wpcf7-form-control wpcf7-acceptance\"><span class=\"wpcf7-list-item\"><label><input type=\"checkbox\" name=\"acceptance-622\" value=\"1\" aria-invalid=\"false\" \/><span class=\"wpcf7-list-item-label\">J\u2019accepte toutes <a href=\"https:\/\/rabat-comedy.com\/reglement-du-festival-international-du-film-rabat-comedy-22\/\" target=\"_blank\"> les conditions du r\u00e8glement de la 3\u00e8me \u00e9dition du Festival International du Film Rabat-Comedy.<\/a><\/span><\/label><\/span><\/span><\/span><\/div>\n    <\/fieldset>\n<\/div>\n\n<input class=\"wpcf7-form-control wpcf7-submit has-spinner\" type=\"submit\" value=\"Envoyer\" \/><input type='hidden' class='wpcf7-pum' value='{\"closepopup\":false,\"closedelay\":0,\"openpopup\":false,\"openpopup_id\":0}' \/><div class=\"wpcf7-response-output\" aria-hidden=\"true\"><\/div>\n<\/form>\n<\/div>\n[\/vc_column][\/vc_row]<\/p>\n","protected":false},"excerpt":{"rendered":"<p>[vc_row][vc_column][\/vc_column][\/vc_row]<\/p>\n","protected":false},"author":1,"featured_media":0,"parent":0,"menu_order":0,"comment_status":"closed","ping_status":"closed","template":"","meta":{"_acf_changed":false,"spay_email":"","footnotes":""},"class_list":["post-2156","page","type-page","status-publish","hentry"],"acf":[],"jetpack-related-posts":[{"id":1423,"url":"https:\/\/rabat-comedy.com\/?page_id=1423","url_meta":{"origin":2156,"position":0},"title":"Reglement du festival international du film rabat-comedy","date":"11 juillet 2019","format":false,"excerpt":"[vc_row full_width=\"stretch_row_content_no_spaces\" uniqid=\"5cc7dc44b68ba\"][vc_column][\/vc_column][\/vc_row][vc_row][vc_column][vc_column_text]Veuillez lire attentivement ces r\u00e8gles et conditions avant de soumettre votre film. En soumettant votre film en comp\u00e9tition au Festival international du film de Rabat-Comedy, vous reconnaissez et acceptez express\u00e9ment que vous serez li\u00e9 par les pr\u00e9sentes r\u00e8gles et conditions. Tous les films qui ne sont pas en\u2026","rel":"","context":"Article similaire","img":{"alt_text":"","src":"","width":0,"height":0},"classes":[]},{"id":6829,"url":"https:\/\/rabat-comedy.com\/?page_id=6829","url_meta":{"origin":2156,"position":1},"title":"R\u00e8glement du festival international du film rabat-comedy","date":"12 avril 2022","format":false,"excerpt":"[vc_row full_width=\"stretch_row_content_no_spaces\" uniqid=\"5cc7dc44b68ba\"][vc_column][vc_column_text] [\/vc_column_text][\/vc_column][\/vc_row][vc_row][vc_column][vc_column_text]Veuillez lire attentivement ces r\u00e8gles et conditions avant de soumettre votre film. En soumettant votre film au Festival international du film Rabat-Comedy, vous reconnaissez et acceptez express\u00e9ment que vous serez li\u00e9 par les pr\u00e9sentes r\u00e8gles et conditions. Tous les films qui ne sont pas en anglais doivent\u2026","rel":"","context":"Article similaire","img":{"alt_text":"","src":"","width":0,"height":0},"classes":[]},{"id":7643,"url":"https:\/\/rabat-comedy.com\/?page_id=7643","url_meta":{"origin":2156,"position":2},"title":"R\u00e8glement du festival international du film rabat-comedy","date":"14 mars 2023","format":false,"excerpt":"[vc_row full_width=\"stretch_row_content_no_spaces\" uniqid=\"5cc7dc44b68ba\"][vc_column][vc_column_text] [\/vc_column_text][\/vc_column][\/vc_row][vc_row][vc_column][vc_column_text]Veuillez lire attentivement ces r\u00e8gles et conditions avant de soumettre votre film. En soumettant votre film en comp\u00e9tition au Festival international du film Rabat-Comedy, vous reconnaissez et acceptez express\u00e9ment que vous serez li\u00e9 par les pr\u00e9sentes r\u00e8gles et conditions. Tous les films qui ne sont pas en\u2026","rel":"","context":"Article similaire","img":{"alt_text":"","src":"","width":0,"height":0},"classes":[]},{"id":590,"url":"https:\/\/rabat-comedy.com\/?page_id=590","url_meta":{"origin":2156,"position":3},"title":"Contact Us","date":"22 avril 2019","format":false,"excerpt":"[vc_row full_width=\"stretch_row_content_no_spaces\" uniqid=\"5cda53519cfac\"][vc_column][\/vc_column][\/vc_row][vc_row equal_height=\"yes\" uniqid=\"5cda544e1b3f8\" css=\".vc_custom_1557812559137{padding-top: 30px !important;padding-bottom: 30px !important;}\"][vc_column width=\"1\/3\"][\/vc_column][vc_column width=\"1\/3\"][\/vc_column][vc_column width=\"1\/3\"][\/vc_column][\/vc_row][vc_row full_width=\"stretch_row_content_no_spaces\" gap=\"35\" equal_height=\"yes\" content_placement=\"middle\" uniqid=\"5cda582ac5f97\"][vc_column width=\"1\/2\" uniqid=\"5cda6944fa891\" css=\".vc_custom_1557817889561{padding-right: 0px !important;padding-left: 0px !important;}\"][\/vc_column][vc_column width=\"1\/2\" content_color=\"light\" css=\".vc_custom_1557818099189{background-color: #eef0f2 !important;}\" uniqid=\"5cda6956f238a\"][vc_column_text el_class=\"text-t1\"] Thank you to the people who shared their stories in our film. They trusted us and we\u2019re very\u2026","rel":"","context":"Article similaire","img":{"alt_text":"","src":"","width":0,"height":0},"classes":[]},{"id":1550,"url":"https:\/\/rabat-comedy.com\/?page_id=1550","url_meta":{"origin":2156,"position":4},"title":"Appel \u00e0 b\u00e9n\u00e9voles","date":"21 juillet 2019","format":false,"excerpt":"[vc_row full_width=\"stretch_row_content_no_spaces\" uniqid=\"5cc7dc44b68ba\"][vc_column][\/vc_column][\/vc_row][vc_row css=\".vc_custom_1563706375543{padding-top: 0px !important;padding-bottom: 60px !important;}\" uniqid=\"5d2d1815f426b\"][vc_column][vc_column_text] Ferm\u00e9 pour l\u2019instant [\/vc_column_text][\/vc_column][\/vc_row][vc_row disable_element=\"yes\" css=\".vc_custom_1570142729804{padding-top: 0px !important;padding-bottom: 60px !important;}\" uniqid=\"5d967a053719e\"][vc_column][vc_column_text] Si vous \u00eates \u00e0 la recherche d'un stage dans l'\u00e9v\u00e8nementiel ou si vous \u00eates d\u00e9sireux de rejoindre l'\u00e9quipe de b\u00e9n\u00e9voles au festival, merci de nous envoyer votre dossier de candidature\u2026","rel":"","context":"Article similaire","img":{"alt_text":"","src":"","width":0,"height":0},"classes":[]},{"id":592,"url":"https:\/\/rabat-comedy.com\/?page_id=592","url_meta":{"origin":2156,"position":5},"title":"Recevez nos infos","date":"22 avril 2019","format":false,"excerpt":"[vc_row full_width=\"stretch_row_content_no_spaces\" uniqid=\"5cc7dc44b68ba\"][vc_column][\/vc_column][\/vc_row][vc_row][vc_column width=\"1\/2\" css=\".vc_custom_1557823572261{padding-top: 20px !important;padding-bottom: 80px !important;}\" uniqid=\"5cda7cbd2d333\"][vc_raw_html]JTNDZGl2JTIwY2xhc3MlM0QlMjJzb2NpYWwtbGlua3MtYmxvY2slMjBzb2NpYWwtbGlua3MtNWNkYTZlNDgyZDNiNiUyMHNvY2lhbC1saW5rcyUyMGp1c3RpZnktY29udGVudC1mbGV4LXN0YXJ0JTIyJTNFJTNDYSUyMGhyZWYlM0QlMjJodHRwcyUzQSUyRiUyRnd3dy5mYWNlYm9vay5jb20lMkZyYWJhdGNvbWVkeSUyMiUyMHRhcmdldCUzRCUyMl9ibGFuayUyMiUyMGRhdGEtbWFnaWMtY3Vyc29yJTNEJTIybGluay1zbWFsbCUyMiUzRSUzQ2klMjBjbGFzcyUzRCUyMmZhYiUyMGZhLWZhY2Vib29rLXNxdWFyZSUyMiUzRSUzQyUyRmklM0UlM0MlMkZhJTNFJTNDYSUyMGhyZWYlM0QlMjJodHRwcyUzQSUyRiUyRnd3dy5pbnN0YWdyYW0uY29tJTJGcmFiYXRjb21lZHklMkYlMjIlMjB0YXJnZXQlM0QlMjJfYmxhbmslMjIlMjBkYXRhLW1hZ2ljLWN1cnNvciUzRCUyMmxpbmstc21hbGwlMjIlM0UlM0NpJTIwY2xhc3MlM0QlMjJmYWIlMjBmYS1pbnN0YWdyYW0lMjIlM0UlM0MlMkZpJTNFJTNDJTJGYSUzRSUzQ2ElMjBocmVmJTNEJTIyaHR0cHMlM0ElMkYlMkZ3d3cueW91dHViZS5jb20lMkZjaGFubmVsJTJGVUNla1YxZzkwd1RJSnUzZlJxTDNXc2dBJTIyJTIwdGFyZ2V0JTNEJTIyX2JsYW5rJTIyJTIwZGF0YS1tYWdpYy1jdXJzb3IlM0QlMjJsaW5rLXNtYWxsJTIyJTNFJTNDaSUyMGNsYXNzJTNEJTIyZmFiJTIwZmEteW91dHViZS1zcXVhcmUlMjIlM0UlM0MlMkZpJTNFJTNDJTJGYSUzRSUzQyUyRmRpdiUzRQ==[\/vc_raw_html][\/vc_column][vc_column width=\"1\/2\" css=\".vc_custom_1558337353999{padding-top: 50px !important;}\" uniqid=\"5cda7d00229ce\"][vc_column_text][\/vc_column_text][\/vc_column][\/vc_row][vc_row full_width=\"stretch_row_content_no_spaces\" disable_element=\"yes\" uniqid=\"5cda6e9e825a1\"][vc_column][\/vc_column][\/vc_row]","rel":"","context":"Article similaire","img":{"alt_text":"","src":"","width":0,"height":0},"classes":[]}],"_links":{"self":[{"href":"https:\/\/rabat-comedy.com\/index.php?rest_route=\/wp\/v2\/pages\/2156","targetHints":{"allow":["GET"]}}],"collection":[{"href":"https:\/\/rabat-comedy.com\/index.php?rest_route=\/wp\/v2\/pages"}],"about":[{"href":"https:\/\/rabat-comedy.com\/index.php?rest_route=\/wp\/v2\/types\/page"}],"author":[{"embeddable":true,"href":"https:\/\/rabat-comedy.com\/index.php?rest_route=\/wp\/v2\/users\/1"}],"replies":[{"embeddable":true,"href":"https:\/\/rabat-comedy.com\/index.php?rest_route=%2Fwp%2Fv2%2Fcomments&post=2156"}],"version-history":[{"count":2,"href":"https:\/\/rabat-comedy.com\/index.php?rest_route=\/wp\/v2\/pages\/2156\/revisions"}],"predecessor-version":[{"id":6905,"href":"https:\/\/rabat-comedy.com\/index.php?rest_route=\/wp\/v2\/pages\/2156\/revisions\/6905"}],"wp:attachment":[{"href":"https:\/\/rabat-comedy.com\/index.php?rest_route=%2Fwp%2Fv2%2Fmedia&parent=2156"}],"curies":[{"name":"wp","href":"https:\/\/api.w.org\/{rel}","templated":true}]}}