{"id":1528,"date":"2019-07-21T12:30:59","date_gmt":"2019-07-21T10:30:59","guid":{"rendered":"http:\/\/rabat-comedy.com\/site\/?page_id=1528"},"modified":"2025-12-22T12:26:53","modified_gmt":"2025-12-22T11:26:53","slug":"assister-au-festival","status":"publish","type":"page","link":"https:\/\/rabat-comedy.com\/?page_id=1528","title":{"rendered":"Assister au festival"},"content":{"rendered":"<p>[vc_row full_width=&#8221;stretch_row_content_no_spaces&#8221; uniqid=&#8221;5cc7dc44b68ba&#8221;][vc_column]    <section class=\"banner-area banner-area-5cc7db9895991 banner-default bsl-right current-white\">\n            <div class=\"banner-item white tac\" style=\"height: 240px;\">\n        \n    <div class=\"bg-overlay\">\n          <\/div>\n\n            <div class=\"container\">\n          <div class=\"row align-items-center fixed-height\" style=\"height: 240px;\">\n            <div class=\"col\">\n                              <div class=\"heading-block tac\">\n                                      <h1 class=\"h\">Assister <span>au festival<\/span><\/h1>\n                                  <\/div>\n                          <\/div>\n          <\/div>\n        <\/div>\n      <\/div>\n    <\/section>\n    [\/vc_column][\/vc_row][vc_row uniqid=&#8221;648e2c72cd9fb&#8221;][vc_column][vc_column_text]<\/p>\n<p style=\"text-align: center;\"><span style=\"font-size: 22px;\">Les formulaires d&#8217;inscription pour assister au festival sont ferm\u00e9s<br \/>\n<\/span><\/p>\n<p>[\/vc_column_text][\/vc_column][\/vc_row][vc_row disable_element=&#8221;yes&#8221; css=&#8221;.vc_custom_1766402802211{padding-top: 0px !important;padding-bottom: 60px !important;}&#8221; uniqid=&#8221;5d2d1815f426b&#8221;][vc_column uniqid=&#8221;5d34444bbed0d&#8221;][vc_column_text]<\/p>\n<p style=\"text-align: center;\"><span style=\"font-size: 22px;\">Les festivaliers peuvent s\u2019inscrire en ligne ou sur place. Une fois inscrits, ils pourront aussi suivre gratuitement les c\u00e9r\u00e9monies, les conf\u00e9rences et les rencontres professionnelles programm\u00e9es durant le festival.<br \/>\nEn s\u2019inscrivant, les membres de la presse pourront obtenir une accr\u00e9ditation pour assister \u00e0 tous les \u00e9v\u00e8nements du festival.<br \/>\n<\/span><\/p>\n<p>[\/vc_column_text][vc_row_inner][vc_column_inner width=&#8221;1\/2&#8243;]          <div class=\"button-container button-5d344264722a0 center\">\n        <a class=\"button-style2\" href=\"https:\/\/rabat-comedy.com\/?page_id=6938\" target=\"_self\">\n          <span>Accr\u00e9ditation festivalier<\/span>\n        <\/a>\n      <\/div>\n        [\/vc_column_inner][vc_column_inner width=&#8221;1\/2&#8243;]          <div class=\"button-container button-5d343fe6e1c84 center\">\n        <a class=\"button-style2\" href=\"https:\/\/rabat-comedy.com\/?page_id=1546\" target=\"_self\">\n          <span>Accr\u00e9ditation Presse<\/span>\n        <\/a>\n      <\/div>\n        [\/vc_column_inner][\/vc_row_inner][\/vc_column][\/vc_row]<\/p>\n","protected":false},"excerpt":{"rendered":"<p>[vc_row full_width=&#8221;stretch_row_content_no_spaces&#8221; uniqid=&#8221;5cc7dc44b68ba&#8221;][vc_column][\/vc_column][\/vc_row][vc_row uniqid=&#8221;648e2c72cd9fb&#8221;][vc_column][vc_column_text] Les formulaires d&#8217;inscription pour assister au festival sont ferm\u00e9s [\/vc_column_text][\/vc_column][\/vc_row][vc_row disable_element=&#8221;yes&#8221; css=&#8221;.vc_custom_1766402802211{padding-top: 0px !important;padding-bottom: 60px !important;}&#8221; uniqid=&#8221;5d2d1815f426b&#8221;][vc_column uniqid=&#8221;5d34444bbed0d&#8221;][vc_column_text] Les festivaliers peuvent s\u2019inscrire en ligne ou sur place. Une fois inscrits, ils pourront aussi suivre gratuitement les c\u00e9r\u00e9monies, les conf\u00e9rences et les rencontres professionnelles programm\u00e9es durant le festival. En s\u2019inscrivant, les membres [&hellip;]<\/p>\n","protected":false},"author":1,"featured_media":0,"parent":0,"menu_order":0,"comment_status":"closed","ping_status":"closed","template":"template-landing.php","meta":{"_acf_changed":false,"spay_email":"","footnotes":""},"class_list":["post-1528","page","type-page","status-publish","hentry"],"acf":[],"jetpack-related-posts":[{"id":1389,"url":"https:\/\/rabat-comedy.com\/","url_meta":{"origin":1528,"position":0},"title":"Accueil","date":"9 juillet 2019","format":false,"excerpt":"[vc_row full_width=\"stretch_row_content_no_spaces\" uniqid=\"5cc7dc44b68ba\"][vc_column][vc_column_text][\/vc_column_text][\/vc_column][\/vc_row][vc_row disable_element=\"yes\" uniqid=\"5d529c16b467c\"][vc_column][vc_column_text][\/vc_column_text][\/vc_column][\/vc_row][vc_row css_animation=\"none\" css=\".vc_custom_1564609260207{padding-top: 95px !important;padding-bottom: 35px !important;}\" uniqid=\"5cc7e14c90d0e\" el_id=\"quisomme\"][vc_column width=\"1\/2\"][vc_column_text][vc_column_text] Le Centre Marocain pour les Initiatives de D\u00e9veloppement dans les domaines du cin\u00e9ma, de l\u2019art et de la culture (CMID) s\u2019est donn\u00e9 pour mission d\u2019organiser le Festival International du Film Rabat-Comedy, en tant que projet culturel\u2026","rel":"","context":"Article similaire","img":{"alt_text":"","src":"","width":0,"height":0},"classes":[]},{"id":6261,"url":"https:\/\/rabat-comedy.com\/?page_id=6261","url_meta":{"origin":1528,"position":1},"title":"Prot","date":"31 mai 2021","format":false,"excerpt":"[vc_row][vc_column el_class=\"header-text\" uniqid=\"60b5b33b81fc2\"][\/vc_column][\/vc_row][vc_row][vc_column css=\".vc_custom_1622520631575{padding-top: 0px !important;padding-bottom: 0px !important;}\" uniqid=\"60b5b106cbde4\" el_class=\"header-text\"][\/vc_column][\/vc_row][vc_row][vc_column width=\"1\/12\"][\/vc_column][vc_column width=\"10\/12\" el_id=\"first_port\" uniqid=\"60b1fe4d78a45\"][vc_row_inner][vc_column_inner el_class=\"long-metr\" width=\"1\/2\"][\/vc_column_inner][vc_column_inner width=\"1\/2\"][vc_single_image image=\"6264\" img_size=\"full\"][\/vc_column_inner][\/vc_row_inner][\/vc_column][vc_column width=\"1\/12\"][\/vc_column][\/vc_row][vc_row][vc_column width=\"1\/2\"][vc_row_inner][vc_column_inner width=\"1\/3\"][vc_column_text]Ticket pour la session 30Dh \/ 3\u20ac[\/vc_column_text][\/vc_column_inner][vc_column_inner width=\"2\/3\"][vc_column_text][\/vc_column_text][\/vc_column_inner][\/vc_row_inner][\/vc_column][vc_column width=\"1\/2\"][vc_row_inner][vc_column_inner width=\"1\/3\"][vc_column_text]Pass pour le festival 150Dh \/ 15\u20ac [\/vc_column_text][\/vc_column_inner][vc_column_inner width=\"2\/3\"][vc_column_text][\/vc_column_text][\/vc_column_inner][\/vc_row_inner][\/vc_column][\/vc_row][vc_row][vc_column css=\".vc_custom_1622520631575{padding-top: 0px !important;padding-bottom: 0px !important;}\" el_class=\"header-text\"][vc_zigzag el_border_width=\"15\"][\/vc_column][\/vc_row][vc_row][vc_column width=\"1\/12\"][\/vc_column][vc_column width=\"10\/12\"][vc_row_inner][vc_column_inner el_class=\"long-metr\" width=\"1\/2\"][\/vc_column_inner][vc_column_inner\u2026","rel":"","context":"Article similaire","img":{"alt_text":"","src":"","width":0,"height":0},"classes":[]},{"id":6329,"url":"https:\/\/rabat-comedy.com\/?page_id=6329","url_meta":{"origin":1528,"position":2},"title":"Festival Rabat-Comedy","date":"3 juin 2021","format":false,"excerpt":"[vc_row full_width=\"stretch_row_content_no_spaces\" uniqid=\"5cc7dc44b68ba\"][vc_column][\/vc_column][\/vc_row][vc_row css=\".vc_custom_1563706440770{padding-top: 0px !important;padding-bottom: 60px !important;}\" uniqid=\"5d2d1815f426b\"][vc_column uniqid=\"5d34444bbed0d\"][vc_column_text] La vente des tickets et des pass pour le festival sera ouverte \u00e0 partir du mardi 8 juin 2021 [\/vc_column_text][vc_row_inner][vc_column_inner width=\"1\/3\"][\/vc_column_inner][vc_column_inner width=\"1\/3\"][\/vc_column_inner][vc_column_inner width=\"1\/3\"][\/vc_column_inner][\/vc_row_inner][\/vc_column][\/vc_row]","rel":"","context":"Article similaire","img":{"alt_text":"","src":"","width":0,"height":0},"classes":[]},{"id":558,"url":"https:\/\/rabat-comedy.com\/?page_id=558","url_meta":{"origin":1528,"position":3},"title":"Film Festival","date":"22 avril 2019","format":false,"excerpt":"[vc_row full_width=\"stretch_row_content_no_spaces\" uniqid=\"5cc7dc44b68ba\"][vc_column][\/vc_column][\/vc_row][vc_row css_animation=\"none\" css=\".vc_custom_1556604677408{padding-bottom: 35px !important;}\" uniqid=\"5cc7e14c90d0e\"][vc_column][\/vc_column][\/vc_row][vc_row full_width=\"stretch_row\" content_color=\"light\" css=\".vc_custom_1558422572937{padding-top: 95px !important;padding-bottom: 118px !important;}\" uniqid=\"5cc7e1da493f8\"][vc_column][vc_column_text css=\".vc_custom_1556603633843{margin-top: 55px !important;}\"] One of the largest film festivals and large-scale cultural event that introduces citizens to the most relevant of the world of music, modern art, media, street culture, sports and new technologies.\u2026","rel":"","context":"Article similaire","img":{"alt_text":"","src":"","width":0,"height":0},"classes":[]},{"id":5948,"url":"https:\/\/rabat-comedy.com\/?page_id=5948","url_meta":{"origin":1528,"position":4},"title":"S\u00e9lection Officielle","date":"10 mai 2021","format":false,"excerpt":"[vc_row][vc_column el_class=\"header-text\" uniqid=\"60b5b33b81fc2\"][\/vc_column][\/vc_row][vc_row][vc_column css=\".vc_custom_1622520631575{padding-top: 0px !important;padding-bottom: 0px !important;}\" uniqid=\"60b5b106cbde4\" el_class=\"header-text\"][\/vc_column][\/vc_row][vc_row][vc_column][vc_row_inner][vc_column_inner el_class=\"long-metr\" width=\"1\/2\"][\/vc_column_inner][vc_column_inner width=\"1\/2\"][vc_video link=\"https:\/\/www.youtube.com\/watch?v=m2dBHSeYGEc\" el_width=\"80\" align=\"center\"][vc_empty_space][vc_video link=\"https:\/\/www.youtube.com\/watch?v=Mz7g6CXKurI\" el_width=\"80\" align=\"center\"][\/vc_column_inner][\/vc_row_inner][\/vc_column][\/vc_row][vc_row disable_element=\"yes\" uniqid=\"60dea1805d2f9\"][vc_column width=\"1\/2\" uniqid=\"60b8c52c3d79b\"][vc_row_inner css=\".vc_custom_1622723270518{margin-right: 5px !important;margin-bottom: 5px !important;margin-left: 5px !important;border-top-width: 4px !important;border-right-width: 4px !important;border-bottom-width: 4px !important;border-left-width: 4px !important;padding-right: 10px !important;padding-left: 10px !important;border-left-color: #cccccc !important;border-left-style: solid !important;border-right-color: #cccccc !important;border-right-style: solid !important;border-top-color:\u2026","rel":"","context":"Article similaire","img":{"alt_text":"","src":"","width":0,"height":0},"classes":[]},{"id":556,"url":"https:\/\/rabat-comedy.com\/?page_id=556","url_meta":{"origin":1528,"position":5},"title":"Cinema","date":"22 avril 2019","format":false,"excerpt":"[vc_section full_width=\"stretch_row\" background_parallax=\"on\" background_parallax_align=\"top\" background_parallax_speed=\"0.85\" bg_overlay=\"\" uniqid=\"5cc69882b880d\" background_image=\"51\"][vc_row full_width=\"stretch_row_content_no_spaces\" uniqid=\"5cc69557b7c91\"][vc_column][\/vc_column][\/vc_row][vc_row full_width=\"stretch_row_content_no_spaces\" uniqid=\"5cc6db7187a1c\"][vc_column][\/vc_column][\/vc_row][vc_row css=\".vc_custom_1556536621598{padding-bottom: 120px !important;}\" uniqid=\"5cc6dd2652a2a\"][vc_column][vc_column_text] When drought leads humankind to a food crisis, a team of researchers and scientists travels through the wormhole, which presumably connects areas of space-time through a large distance, to travel in order to transcend\u2026","rel":"","context":"Article similaire","img":{"alt_text":"","src":"","width":0,"height":0},"classes":[]}],"_links":{"self":[{"href":"https:\/\/rabat-comedy.com\/index.php?rest_route=\/wp\/v2\/pages\/1528","targetHints":{"allow":["GET"]}}],"collection":[{"href":"https:\/\/rabat-comedy.com\/index.php?rest_route=\/wp\/v2\/pages"}],"about":[{"href":"https:\/\/rabat-comedy.com\/index.php?rest_route=\/wp\/v2\/types\/page"}],"author":[{"embeddable":true,"href":"https:\/\/rabat-comedy.com\/index.php?rest_route=\/wp\/v2\/users\/1"}],"replies":[{"embeddable":true,"href":"https:\/\/rabat-comedy.com\/index.php?rest_route=%2Fwp%2Fv2%2Fcomments&post=1528"}],"version-history":[{"count":9,"href":"https:\/\/rabat-comedy.com\/index.php?rest_route=\/wp\/v2\/pages\/1528\/revisions"}],"predecessor-version":[{"id":10056,"href":"https:\/\/rabat-comedy.com\/index.php?rest_route=\/wp\/v2\/pages\/1528\/revisions\/10056"}],"wp:attachment":[{"href":"https:\/\/rabat-comedy.com\/index.php?rest_route=%2Fwp%2Fv2%2Fmedia&parent=1528"}],"curies":[{"name":"wp","href":"https:\/\/api.w.org\/{rel}","templated":true}]}}